CRAN Package Check Results for Package SEERaBomb

Last updated on 2024-06-13 06:58:18 CEST.

Flavor Version Tinstall Tcheck Ttotal Status Flags
r-devel-linux-x86_64-debian-clang 2019.2 47.19 230.80 277.99 OK
r-devel-linux-x86_64-debian-gcc 2019.2 0.47 1.75 2.22 ERROR
r-devel-linux-x86_64-fedora-clang 2019.2 352.71 OK
r-devel-linux-x86_64-fedora-gcc 2019.2 330.70 OK
r-devel-windows-x86_64 2019.2 42.00 188.00 230.00 OK
r-patched-linux-x86_64 2019.2 41.52 218.80 260.32 OK
r-release-linux-x86_64 2019.2 37.91 224.42 262.33 OK
r-release-macos-arm64 2019.2 85.00 OK
r-release-macos-x86_64 2019.2 126.00 OK
r-release-windows-x86_64 2019.2 42.00 198.00 240.00 OK
r-oldrel-macos-arm64 2019.2 100.00 OK
r-oldrel-macos-x86_64 2019.2 165.00 OK
r-oldrel-windows-x86_64 2019.2 54.00 254.00 308.00 OK

Check Details

Version: 2019.2
Check: package dependencies
Result: ERROR Packages required but not available: 'dplyr', 'ggplot2', 'demography', 'reshape2', 'tibble', 'RSQLite', 'labelled', 'forcats', 'purrr', 'readr', 'tidyr', 'stringr' See section ‘The DESCRIPTION file’ in the ‘Writing R Extensions’ manual. Flavor: r-devel-linux-x86_64-debian-gcc