CRAN Package Check Results for Package SGPdata

Last updated on 2022-12-02 05:55:28 CET.

Flavor Version Tinstall Tcheck Ttotal Status Flags
r-devel-linux-x86_64-debian-clang 26.0-0.0 74.85 64.70 139.55 OK
r-devel-linux-x86_64-debian-gcc 26.0-0.0 63.75 50.30 114.05 OK
r-devel-linux-x86_64-fedora-clang 26.0-0.0 200.83 NOTE
r-devel-linux-x86_64-fedora-gcc 26.0-0.0 196.25 OK
r-devel-windows-x86_64 26.0-0.0 79.00 94.00 173.00 NOTE
r-patched-linux-x86_64 26.0-0.0 74.57 61.18 135.75 OK
r-release-linux-x86_64 26.0-0.0 79.30 60.58 139.88 OK
r-release-macos-arm64 26.0-0.0 78.00 NOTE
r-release-macos-x86_64 26.0-0.0 87.00 NOTE
r-release-windows-x86_64 26.0-0.0 76.00 97.00 173.00 NOTE
r-oldrel-macos-arm64 26.0-0.0 80.00 NOTE
r-oldrel-macos-x86_64 26.0-0.0 91.00 NOTE
r-oldrel-windows-ix86+x86_64 26.0-0.0 106.00 92.00 198.00 NOTE

Check Details

Version: 26.0-0.0
Check: installed package size
Result: NOTE
     installed size is 6.9Mb
     sub-directories of 1Mb or more:
     data 6.7Mb
Flavors: r-devel-linux-x86_64-fedora-clang, r-devel-windows-x86_64, r-release-macos-arm64, r-release-macos-x86_64, r-release-windows-x86_64, r-oldrel-macos-arm64, r-oldrel-macos-x86_64, r-oldrel-windows-ix86+x86_64