Last updated on 2023-12-11 05:52:08 CET.
Flavor | Version | Tinstall | Tcheck | Ttotal | Status | Flags |
---|---|---|---|---|---|---|
r-devel-linux-x86_64-debian-clang | 27.0-0.0 | 70.25 | 55.51 | 125.76 | OK | |
r-devel-linux-x86_64-debian-gcc | 27.0-0.0 | 69.28 | 43.43 | 112.71 | OK | |
r-devel-linux-x86_64-fedora-clang | 27.0-0.0 | 184.96 | NOTE | |||
r-devel-linux-x86_64-fedora-gcc | 27.0-0.0 | 195.89 | OK | |||
r-devel-windows-x86_64 | 27.0-0.0 | 66.00 | 65.00 | 131.00 | NOTE | |
r-patched-linux-x86_64 | 27.0-0.0 | 71.68 | 54.79 | 126.47 | OK | |
r-release-linux-x86_64 | 27.0-0.0 | 75.75 | 54.73 | 130.48 | OK | |
r-release-macos-arm64 | 27.0-0.0 | 89.00 | NOTE | |||
r-release-macos-x86_64 | 27.0-0.0 | 204.00 | NOTE | |||
r-release-windows-x86_64 | 27.0-0.0 | 67.00 | 72.00 | 139.00 | NOTE | |
r-oldrel-macos-arm64 | 27.0-0.0 | 97.00 | NOTE | |||
r-oldrel-macos-x86_64 | 27.0-0.0 | 95.00 | NOTE | |||
r-oldrel-windows-x86_64 | 27.0-0.0 | 87.00 | 82.00 | 169.00 | NOTE |
Version: 27.0-0.0
Check: installed package size
Result: NOTE
installed size is 6.9Mb
sub-directories of 1Mb or more:
data 6.7Mb
Flavors: r-devel-linux-x86_64-fedora-clang, r-devel-windows-x86_64, r-release-macos-arm64, r-release-macos-x86_64, r-release-windows-x86_64, r-oldrel-macos-arm64, r-oldrel-macos-x86_64, r-oldrel-windows-x86_64