CRAN Package Check Results for Package SIMICO

Last updated on 2024-06-14 06:53:48 CEST.

Flavor Version Tinstall Tcheck Ttotal Status Flags
r-devel-linux-x86_64-debian-clang 0.2.0 13.76 408.72 422.48 NOTE
r-devel-linux-x86_64-debian-gcc 0.2.0 10.54 285.57 296.11 NOTE
r-devel-linux-x86_64-fedora-clang 0.2.0 570.42 NOTE
r-devel-linux-x86_64-fedora-gcc 0.2.0 522.81 NOTE
r-devel-windows-x86_64 0.2.0 11.00 336.00 347.00 NOTE
r-patched-linux-x86_64 0.2.0 12.25 398.79 411.04 NOTE
r-release-linux-x86_64 0.2.0 11.85 392.55 404.40 NOTE
r-release-macos-arm64 0.2.0 171.00 NOTE
r-release-macos-x86_64 0.2.0 282.00 NOTE
r-release-windows-x86_64 0.2.0 11.00 367.00 378.00 NOTE
r-oldrel-macos-arm64 0.2.0 191.00 OK
r-oldrel-macos-x86_64 0.2.0 320.00 OK
r-oldrel-windows-x86_64 0.2.0 15.00 384.00 399.00 OK

Check Details

Version: 0.2.0
Check: Rd files
Result: NOTE checkRd: (-1) fd_term.Rd:4: Lost braces; missing escapes or markup? 4 | d/d_{theta_l} | ^ checkRd: (-1) gamma_fd.Rd:4: Lost braces; missing escapes or markup? 4 | d/d_{gamma_l} | ^ checkRd: (-1) gamma_off.Rd:4: Lost braces; missing escapes or markup? 4 | d^2/d_{gamma_l}d{gamma_m} | ^ checkRd: (-1) gamma_off.Rd:4: Lost braces 4 | d^2/d_{gamma_l}d{gamma_m} | ^ checkRd: (-1) gamma_off.Rd:7: Lost braces; missing escapes or markup? 7 | Calculates the [off-diagonal] Information matrix term for I_{gamma gamma} with respect to outcome l and outcome m. | ^ checkRd: (-1) gamma_on.Rd:4: Lost braces; missing escapes or markup? 4 | d^2/d_{gamma_l}d{gamma_l} | ^ checkRd: (-1) gamma_on.Rd:4: Lost braces 4 | d^2/d_{gamma_l}d{gamma_l} | ^ checkRd: (-1) gamma_on.Rd:7: Lost braces; missing escapes or markup? 7 | Calculates the [on-diagonal] Information matrix term for I_{gamma gamma} with respect to outcome l. | ^ checkRd: (-1) gammasigma.Rd:4: Lost braces; missing escapes or markup? 4 | d^2/d_{gamma_l}d{sigma^2} | ^ checkRd: (-1) gammasigma.Rd:4: Lost braces 4 | d^2/d_{gamma_l}d{sigma^2} | ^ checkRd: (-1) gammasigma.Rd:7: Lost braces; missing escapes or markup? 7 | Calculates the Information matrix term of I_{eta gamma} for one outcome of interest l. | ^ checkRd: (-1) gammatheta.Rd:4: Lost braces; missing escapes or markup? 4 | d^2/d_{gamma_k}d{theta_k} | ^ checkRd: (-1) gammatheta.Rd:4: Lost braces 4 | d^2/d_{gamma_k}d{theta_k} | ^ checkRd: (-1) gammatheta.Rd:7: Lost braces; missing escapes or markup? 7 | Calculates the Information matrix term of I_{eta gamma} for outcome k. | ^ checkRd: (-1) gammatheta_off.Rd:4: Lost braces; missing escapes or markup? 4 | d^2/d_{gamma_l}d{theta_m} | ^ checkRd: (-1) gammatheta_off.Rd:4: Lost braces 4 | d^2/d_{gamma_l}d{theta_m} | ^ checkRd: (-1) gammatheta_off.Rd:7: Lost braces; missing escapes or markup? 7 | Calculates the Information matrix term of I_{eta gamma} for outcomes l and m | ^ checkRd: (-1) haz_left.Rd:4: Lost braces; missing escapes or markup? 4 | H_{ik}(L_{ik}) | ^ checkRd: (-1) haz_left.Rd:4: Lost braces; missing escapes or markup? 4 | H_{ik}(L_{ik}) | ^ checkRd: (-1) haz_right.Rd:4: Lost braces; missing escapes or markup? 4 | H_{ik}(R_{ik}) | ^ checkRd: (-1) haz_right.Rd:4: Lost braces; missing escapes or markup? 4 | H_{ik}(R_{ik}) | ^ checkRd: (-1) sd_off.Rd:4: Lost braces; missing escapes or markup? 4 | d^2/d_{theta_k}d{sigma^2} | ^ checkRd: (-1) sd_off.Rd:4: Lost braces 4 | d^2/d_{theta_k}d{sigma^2} | ^ checkRd: (-1) sd_off.Rd:7: Lost braces; missing escapes or markup? 7 | Calculates the Information matrix term of I_{theta sigma^2} for outcomes l and m. | ^ checkRd: (-1) sd_on.Rd:4: Lost braces 4 | d^2/d{sigma^2}^2 | ^ checkRd: (-1) sd_on.Rd:7: Lost braces; missing escapes or markup? 7 | Calculates the Information matrix term of I_{sigma^2 sigma^2} for outcome l. | ^ checkRd: (-1) simico_out.Rd:17: Lost braces; missing escapes or markup? 17 | \item{Itt}{I_{theta theta} - Information matrix of theta.} | ^ checkRd: (-1) ss_fd.Rd:4: Lost braces; missing escapes or markup? 4 | d/d_{sigma^2} | ^ checkRd: (-1) ss_sd.Rd:4: Lost braces; missing escapes or markup? 4 | d^2/d_{sigma^2}^2 | ^ checkRd: (-1) st_off.Rd:4: Lost braces; missing escapes or markup? 4 | d^2/d_{theta_l}d{sigma^2} | ^ checkRd: (-1) st_off.Rd:4: Lost braces 4 | d^2/d_{theta_l}d{sigma^2} | ^ checkRd: (-1) st_off.Rd:7: Lost braces; missing escapes or markup? 7 | Calculates the Information matrix term of I_{eta theta} for one outcome of interest l. | ^ checkRd: (-1) surv_diff.Rd:4: Lost braces; missing escapes or markup? 4 | S_{ik}(L_{ik}) - S_{ik}(R_{ik}) | ^ checkRd: (-1) surv_diff.Rd:4: Lost braces; missing escapes or markup? 4 | S_{ik}(L_{ik}) - S_{ik}(R_{ik}) | ^ checkRd: (-1) surv_diff.Rd:4: Lost braces; missing escapes or markup? 4 | S_{ik}(L_{ik}) - S_{ik}(R_{ik}) | ^ checkRd: (-1) surv_diff.Rd:4: Lost braces; missing escapes or markup? 4 | S_{ik}(L_{ik}) - S_{ik}(R_{ik}) | ^ checkRd: (-1) surv_left.Rd:4: Lost braces; missing escapes or markup? 4 | S_{ik}(L_{ik}) | ^ checkRd: (-1) surv_left.Rd:4: Lost braces; missing escapes or markup? 4 | S_{ik}(L_{ik}) | ^ checkRd: (-1) surv_right.Rd:4: Lost braces; missing escapes or markup? 4 | S_{ik}(R_{ik}) | ^ checkRd: (-1) surv_right.Rd:4: Lost braces; missing escapes or markup? 4 | S_{ik}(R_{ik}) | ^ Flavors: r-devel-linux-x86_64-debian-clang, r-devel-linux-x86_64-debian-gcc, r-devel-linux-x86_64-fedora-clang, r-devel-linux-x86_64-fedora-gcc, r-devel-windows-x86_64, r-patched-linux-x86_64, r-release-linux-x86_64, r-release-macos-arm64, r-release-macos-x86_64, r-release-windows-x86_64