CRAN Package Check Results for Package SIRE

Last updated on 2021-11-29 05:49:58 CET.

Flavor Version Tinstall Tcheck Ttotal Status Flags
r-devel-linux-x86_64-debian-clang 1.1.0 OK
r-devel-linux-x86_64-debian-gcc 1.1.0 1.73 22.14 23.87 OK
r-devel-linux-x86_64-fedora-clang 1.1.0 50.06 NOTE
r-devel-linux-x86_64-fedora-gcc 1.1.0 36.68 NOTE
r-devel-windows-x86_64-new-UL 1.1.0 9.00 64.00 73.00 OK
r-devel-windows-x86_64-new-TK 1.1.0 NOTE
r-devel-windows-x86_64-old 1.1.0 6.00 49.00 55.00 OK
r-patched-linux-x86_64 1.1.0 3.04 26.46 29.50 OK
r-patched-solaris-x86 1.1.0 59.30 NOTE
r-release-linux-x86_64 1.1.0 3.04 26.66 29.70 OK
r-release-macos-arm64 1.1.0 NOTE
r-release-macos-x86_64 1.1.0 NOTE
r-release-windows-ix86+x86_64 1.1.0 9.00 47.00 56.00 OK
r-oldrel-macos-x86_64 1.1.0 NOTE
r-oldrel-windows-ix86+x86_64 1.1.0 20.00 50.00 70.00 OK

Check Details

Version: 1.1.0
Check: dependencies in R code
Result: NOTE
    Namespaces in Imports field not imported from:
     ‘dplyr’ ‘magrittr’ ‘psych’ ‘stringr’
     All declared Imports should be used.
Flavors: r-devel-linux-x86_64-fedora-clang, r-devel-linux-x86_64-fedora-gcc, r-devel-windows-x86_64-new-TK, r-patched-solaris-x86, r-release-macos-arm64, r-release-macos-x86_64, r-oldrel-macos-x86_64