CRAN Package Check Results for Package SLOPE

Last updated on 2022-08-15 05:49:33 CEST.

Flavor Version Tinstall Tcheck Ttotal Status Flags
r-devel-linux-x86_64-debian-clang 0.5.0 183.73 183.58 367.31 OK
r-devel-linux-x86_64-debian-gcc 0.5.0 132.56 130.75 263.31 OK
r-devel-linux-x86_64-fedora-clang 0.5.0 533.77 NOTE
r-devel-linux-x86_64-fedora-gcc 0.5.0 494.30 NOTE
r-devel-windows-x86_64 0.5.0 147.00 256.00 403.00 OK
r-patched-linux-x86_64 0.5.0 152.61 175.83 328.44 OK
r-release-linux-x86_64 0.5.0 128.83 173.78 302.61 OK
r-release-macos-arm64 0.5.0 131.00 NOTE
r-release-macos-x86_64 0.5.0 159.00 NOTE
r-release-windows-x86_64 0.5.0 139.00 252.00 391.00 OK
r-oldrel-macos-arm64 0.5.0 133.00 NOTE
r-oldrel-macos-x86_64 0.5.0 158.00 NOTE
r-oldrel-windows-ix86+x86_64 0.5.0 430.00 401.00 831.00 OK

Check Details

Version: 0.5.0
Check: dependencies in R code
Result: NOTE
    Namespaces in Imports field not imported from:
     ‘checkmate’ ‘glmnet’ ‘mice’
     All declared Imports should be used.
Flavors: r-devel-linux-x86_64-fedora-clang, r-devel-linux-x86_64-fedora-gcc, r-release-macos-arm64, r-release-macos-x86_64, r-oldrel-macos-arm64, r-oldrel-macos-x86_64

Version: 0.5.0
Check: installed package size
Result: NOTE
     installed size is 9.4Mb
     sub-directories of 1Mb or more:
     libs 8.9Mb
Flavors: r-release-macos-arm64, r-release-macos-x86_64, r-oldrel-macos-arm64, r-oldrel-macos-x86_64