CRAN Package Check Results for Package SMITIDvisu

Last updated on 2019-09-16 05:47:08 CEST.

Flavor Version Tinstall Tcheck Ttotal Status Flags
r-devel-linux-x86_64-debian-clang 0.0.6 17.26 28.09 45.35 OK
r-devel-linux-x86_64-debian-gcc 0.0.6 12.12 22.86 34.98 OK
r-devel-linux-x86_64-fedora-clang 0.0.6 67.14 OK
r-devel-linux-x86_64-fedora-gcc 0.0.6 60.19 OK
r-devel-windows-ix86+x86_64 0.0.6 51.00 86.00 137.00 OK
r-patched-linux-x86_64 0.0.6 14.18 28.73 42.91 OK
r-patched-solaris-x86 0.0.6 77.10 OK
r-release-linux-x86_64 0.0.6 13.69 28.73 42.42 OK
r-release-windows-ix86+x86_64 0.0.6 37.00 69.00 106.00 OK
r-release-osx-x86_64 0.0.6 NOTE
r-oldrel-windows-ix86+x86_64 0.0.6 44.00 72.00 116.00 OK
r-oldrel-osx-x86_64 0.0.6 OK

Check Details

Version: 0.0.6
Check: package dependencies
Result: NOTE
    Package suggested but not available for checking: ‘SMITIDstruct’
Flavor: r-release-osx-x86_64