CRAN Package Check Results for Package SMITIDvisu

Last updated on 2019-07-16 05:48:33 CEST.

Flavor Version Tinstall Tcheck Ttotal Status Flags
r-devel-linux-x86_64-debian-clang 0.0.6 15.86 28.82 44.68 OK
r-devel-linux-x86_64-debian-gcc 0.0.6 12.10 23.62 35.72 OK
r-devel-linux-x86_64-fedora-clang 0.0.6 60.10 OK
r-devel-linux-x86_64-fedora-gcc 0.0.6 56.38 OK
r-devel-windows-ix86+x86_64 0.0.6 61.00 86.00 147.00 OK
r-patched-linux-x86_64 0.0.6 13.76 28.96 42.72 OK
r-patched-solaris-x86 0.0.6 76.80 OK
r-release-linux-x86_64 0.0.6 13.89 28.49 42.38 OK
r-release-windows-ix86+x86_64 0.0.6 39.00 87.00 126.00 OK
r-release-osx-x86_64 0.0.6 NOTE
r-oldrel-windows-ix86+x86_64 0.0.6 49.00 65.00 114.00 OK
r-oldrel-osx-x86_64 0.0.6 OK

Check Details

Version: 0.0.6
Check: package dependencies
Result: NOTE
    Package suggested but not available for checking: ‘SMITIDstruct’
Flavor: r-release-osx-x86_64