CRAN Package Check Results for Package SMITIDvisu

Last updated on 2020-01-28 05:50:33 CET.

Flavor Version Tinstall Tcheck Ttotal Status Flags
r-devel-linux-x86_64-debian-clang 0.0.6 19.11 33.10 52.21 OK
r-devel-linux-x86_64-debian-gcc 0.0.6 12.48 26.32 38.80 OK
r-devel-linux-x86_64-fedora-clang 0.0.6 69.81 OK
r-devel-linux-x86_64-fedora-gcc 0.0.6 61.90 OK
r-devel-windows-ix86+x86_64 0.0.6 35.00 68.00 103.00 OK
r-devel-windows-ix86+x86_64-gcc8 0.0.6 53.00 100.00 153.00 OK
r-patched-linux-x86_64 0.0.6 OK
r-patched-solaris-x86 0.0.6 79.10 OK
r-release-linux-x86_64 0.0.6 13.87 29.83 43.70 OK
r-release-windows-ix86+x86_64 0.0.6 35.00 67.00 102.00 OK
r-release-osx-x86_64 0.0.6 NOTE
r-oldrel-windows-ix86+x86_64 0.0.6 49.00 83.00 132.00 OK
r-oldrel-osx-x86_64 0.0.6 OK

Check Details

Version: 0.0.6
Check: package dependencies
Result: NOTE
    Package suggested but not available for checking: ‘SMITIDstruct’
Flavor: r-release-osx-x86_64