CRAN Package Check Results for Package SNPknock

Last updated on 2022-01-25 05:54:57 CET.

Flavor Version Tinstall Tcheck Ttotal Status Flags
r-devel-linux-x86_64-debian-clang 0.8.2 73.96 227.34 301.30 OK
r-devel-linux-x86_64-debian-gcc 0.8.2 54.23 169.77 224.00 OK
r-devel-linux-x86_64-fedora-clang 0.8.2 375.80 NOTE
r-devel-linux-x86_64-fedora-gcc 0.8.2 359.23 OK
r-devel-windows-x86_64-new-UL 0.8.2 111.00 261.00 372.00 OK
r-devel-windows-x86_64-new-TK 0.8.2 OK
r-patched-linux-x86_64 0.8.2 71.11 202.01 273.12 OK
r-release-linux-x86_64 0.8.2 71.32 204.85 276.17 OK
r-release-macos-arm64 0.8.2 NOTE
r-release-macos-x86_64 0.8.2 NOTE
r-release-windows-ix86+x86_64 0.8.2 187.00 459.00 646.00 NOTE
r-oldrel-macos-x86_64 0.8.2 NOTE
r-oldrel-windows-ix86+x86_64 0.8.2 187.00 458.00 645.00 NOTE

Check Details

Version: 0.8.2
Check: installed package size
Result: NOTE
     installed size is 5.7Mb
     sub-directories of 1Mb or more:
     extdata 3.1Mb
     libs 2.3Mb
Flavors: r-devel-linux-x86_64-fedora-clang, r-release-macos-arm64, r-release-macos-x86_64, r-release-windows-ix86+x86_64, r-oldrel-macos-x86_64, r-oldrel-windows-ix86+x86_64