Last updated on 2019-12-07 05:47:50 CET.
Flavor | Version | Tinstall | Tcheck | Ttotal | Status | Flags |
---|---|---|---|---|---|---|
r-devel-linux-x86_64-debian-clang | 0.9-1 | 6.80 | 74.59 | 81.39 | NOTE | |
r-devel-linux-x86_64-debian-gcc | 0.9-1 | 5.90 | 55.58 | 61.48 | NOTE | |
r-devel-linux-x86_64-fedora-clang | 0.9-1 | 93.17 | NOTE | |||
r-devel-linux-x86_64-fedora-gcc | 0.9-1 | 91.31 | NOTE | |||
r-devel-windows-ix86+x86_64 | 0.9-1 | 17.00 | 168.00 | 185.00 | NOTE | |
r-devel-windows-ix86+x86_64-gcc8 | 0.9-1 | 16.00 | 131.00 | 147.00 | NOTE | |
r-patched-linux-x86_64 | 0.9-1 | 5.35 | 67.44 | 72.79 | NOTE | |
r-patched-solaris-x86 | 0.9-1 | 127.80 | NOTE | |||
r-release-linux-x86_64 | 0.9-1 | 5.75 | 67.26 | 73.01 | NOTE | |
r-release-windows-ix86+x86_64 | 0.9-1 | 18.00 | 104.00 | 122.00 | NOTE | |
r-release-osx-x86_64 | 0.9-1 | NOTE | ||||
r-oldrel-windows-ix86+x86_64 | 0.9-1 | 9.00 | 147.00 | 156.00 | NOTE | |
r-oldrel-osx-x86_64 | 0.9-1 | NOTE |
Version: 0.9-1
Check: DESCRIPTION meta-information
Result: NOTE
Malformed Description field: should contain one or more complete sentences.
Flavors: r-devel-linux-x86_64-debian-clang, r-devel-linux-x86_64-debian-gcc, r-devel-linux-x86_64-fedora-clang, r-devel-linux-x86_64-fedora-gcc, r-devel-windows-ix86+x86_64, r-devel-windows-ix86+x86_64-gcc8, r-patched-linux-x86_64, r-patched-solaris-x86, r-release-linux-x86_64, r-release-windows-ix86+x86_64, r-release-osx-x86_64, r-oldrel-windows-ix86+x86_64, r-oldrel-osx-x86_64
Version: 0.9-1
Check: R code for possible problems
Result: NOTE
R2.global: no visible global function definition for 'var'
calculer.var.exp: no visible global function definition for 'var'
creer.noeud: no visible global function definition for 'var'
ponderer.classe: no visible global function definition for 'var'
ponderer.classe: no visible global function definition for 'cov'
spodt: no visible global function definition for 'model.frame'
spodt.tree: no visible global function definition for 'plot.new'
spodt.tree: no visible global function definition for 'par'
spodt.tree: no visible global function definition for 'plot.window'
spodt.tree: no visible global function definition for 'text'
spodt.tree: no visible global function definition for 'segments'
test.spodt: no visible global function definition for 'model.frame'
test.spodt: no visible global function definition for 'hist'
test.spodt: no visible global function definition for 'abline'
tracer.noeud: no visible global function definition for 'text'
tracer.noeud: no visible global function definition for 'segments'
Undefined global functions or variables:
abline cov hist model.frame par plot.new plot.window segments text
var
Consider adding
importFrom("graphics", "abline", "hist", "par", "plot.new",
"plot.window", "segments", "text")
importFrom("stats", "cov", "model.frame", "var")
to your NAMESPACE file.
Flavors: r-devel-linux-x86_64-debian-clang, r-devel-linux-x86_64-debian-gcc, r-devel-linux-x86_64-fedora-clang, r-devel-linux-x86_64-fedora-gcc, r-devel-windows-ix86+x86_64, r-devel-windows-ix86+x86_64-gcc8, r-patched-linux-x86_64, r-patched-solaris-x86, r-release-linux-x86_64, r-release-windows-ix86+x86_64, r-release-osx-x86_64, r-oldrel-windows-ix86+x86_64, r-oldrel-osx-x86_64
Version: 0.9-1
Check: compiled code
Result: NOTE
File ‘SPODT/libs/SPODT.so’:
Found no calls to: ‘R_registerRoutines’, ‘R_useDynamicSymbols’
It is good practice to register native routines and to disable symbol
search.
See ‘Writing portable packages’ in the ‘Writing R Extensions’ manual.
Flavors: r-devel-linux-x86_64-fedora-clang, r-devel-linux-x86_64-fedora-gcc