CRAN Package Check Results for Package SPODT

Last updated on 2019-08-21 05:47:04 CEST.

Flavor Version Tinstall Tcheck Ttotal Status Flags
r-devel-linux-x86_64-debian-clang 0.9-1 7.34 69.62 76.96 NOTE
r-devel-linux-x86_64-debian-gcc 0.9-1 5.59 52.69 58.28 NOTE
r-devel-linux-x86_64-fedora-clang 0.9-1 94.13 NOTE
r-devel-linux-x86_64-fedora-gcc 0.9-1 91.01 NOTE
r-devel-windows-ix86+x86_64 0.9-1 21.00 150.00 171.00 NOTE
r-patched-linux-x86_64 0.9-1 5.62 67.29 72.91 NOTE
r-patched-solaris-x86 0.9-1 137.70 NOTE
r-release-linux-x86_64 0.9-1 5.74 67.86 73.60 NOTE
r-release-windows-ix86+x86_64 0.9-1 14.00 104.00 118.00 NOTE
r-release-osx-x86_64 0.9-1 NOTE
r-oldrel-windows-ix86+x86_64 0.9-1 14.00 137.00 151.00 NOTE
r-oldrel-osx-x86_64 0.9-1 NOTE

Check Details

Version: 0.9-1
Check: DESCRIPTION meta-information
Result: NOTE
    Malformed Description field: should contain one or more complete sentences.
Flavors: r-devel-linux-x86_64-debian-clang, r-devel-linux-x86_64-debian-gcc, r-devel-linux-x86_64-fedora-clang, r-devel-linux-x86_64-fedora-gcc, r-devel-windows-ix86+x86_64, r-patched-linux-x86_64, r-patched-solaris-x86, r-release-linux-x86_64, r-release-windows-ix86+x86_64, r-release-osx-x86_64, r-oldrel-windows-ix86+x86_64, r-oldrel-osx-x86_64

Version: 0.9-1
Check: R code for possible problems
Result: NOTE
    R2.global: no visible global function definition for 'var'
    calculer.var.exp: no visible global function definition for 'var'
    creer.noeud: no visible global function definition for 'var'
    ponderer.classe: no visible global function definition for 'var'
    ponderer.classe: no visible global function definition for 'cov'
    spodt: no visible global function definition for 'model.frame'
    spodt.tree: no visible global function definition for 'plot.new'
    spodt.tree: no visible global function definition for 'par'
    spodt.tree: no visible global function definition for 'plot.window'
    spodt.tree: no visible global function definition for 'text'
    spodt.tree: no visible global function definition for 'segments'
    test.spodt: no visible global function definition for 'model.frame'
    test.spodt: no visible global function definition for 'hist'
    test.spodt: no visible global function definition for 'abline'
    tracer.noeud: no visible global function definition for 'text'
    tracer.noeud: no visible global function definition for 'segments'
    Undefined global functions or variables:
     abline cov hist model.frame par plot.new plot.window segments text
     var
    Consider adding
     importFrom("graphics", "abline", "hist", "par", "plot.new",
     "plot.window", "segments", "text")
     importFrom("stats", "cov", "model.frame", "var")
    to your NAMESPACE file.
Flavors: r-devel-linux-x86_64-debian-clang, r-devel-linux-x86_64-debian-gcc, r-devel-linux-x86_64-fedora-clang, r-devel-linux-x86_64-fedora-gcc, r-devel-windows-ix86+x86_64, r-patched-linux-x86_64, r-patched-solaris-x86, r-release-linux-x86_64, r-release-windows-ix86+x86_64, r-release-osx-x86_64, r-oldrel-windows-ix86+x86_64, r-oldrel-osx-x86_64

Version: 0.9-1
Check: compiled code
Result: NOTE
    File ‘SPODT/libs/SPODT.so’:
     Found no calls to: ‘R_registerRoutines’, ‘R_useDynamicSymbols’
    
    It is good practice to register native routines and to disable symbol
    search.
    
    See ‘Writing portable packages’ in the ‘Writing R Extensions’ manual.
Flavors: r-devel-linux-x86_64-fedora-clang, r-devel-linux-x86_64-fedora-gcc