CRAN Package Check Results for Package SPUTNIK

Last updated on 2022-01-20 05:50:37 CET.

Flavor Version Tinstall Tcheck Ttotal Status Flags
r-devel-linux-x86_64-debian-clang 1.4 OK
r-devel-linux-x86_64-debian-gcc 1.4 12.66 99.64 112.30 OK
r-devel-linux-x86_64-fedora-clang 1.4 176.74 NOTE
r-devel-linux-x86_64-fedora-gcc 1.4 162.16 NOTE
r-devel-windows-x86_64-new-UL 1.4 84.00 159.00 243.00 OK
r-devel-windows-x86_64-new-TK 1.4 NOTE
r-patched-linux-x86_64 1.4 19.37 125.96 145.33 OK
r-release-linux-x86_64 1.4 OK
r-release-macos-arm64 1.4 NOTE
r-release-macos-x86_64 1.4 NOTE
r-release-windows-ix86+x86_64 1.4 35.00 150.00 185.00 OK
r-oldrel-macos-x86_64 1.4 NOTE
r-oldrel-windows-ix86+x86_64 1.4 33.00 155.00 188.00 OK

Check Details

Version: 1.4
Check: dependencies in R code
Result: NOTE
    Namespaces in Imports field not imported from:
     ‘spatstat’ ‘spatstat.data’ ‘spatstat.linnet’ ‘spatstat.sparse’
     ‘spatstat.utils’ ‘testthat’
     All declared Imports should be used.
Flavors: r-devel-linux-x86_64-fedora-clang, r-devel-linux-x86_64-fedora-gcc, r-devel-windows-x86_64-new-TK, r-release-macos-arm64, r-release-macos-x86_64, r-oldrel-macos-x86_64