CRAN Package Check Results for Package SSOSVM

Last updated on 2019-12-15 05:47:55 CET.

Flavor Version Tinstall Tcheck Ttotal Status Flags
r-devel-linux-x86_64-debian-clang 0.2.1 32.46 25.75 58.21 OK
r-devel-linux-x86_64-debian-gcc 0.2.1 25.22 20.27 45.49 OK
r-devel-linux-x86_64-fedora-clang 0.2.1 79.73 NOTE
r-devel-linux-x86_64-fedora-gcc 0.2.1 76.15 NOTE
r-devel-windows-ix86+x86_64 0.2.1 62.00 90.00 152.00 OK
r-devel-windows-ix86+x86_64-gcc8 0.2.1 61.00 85.00 146.00 OK
r-patched-linux-x86_64 0.2.1 25.31 23.61 48.92 OK
r-patched-solaris-x86 0.2.1 83.10 NOTE
r-release-linux-x86_64 0.2.1 25.72 23.73 49.45 OK
r-release-windows-ix86+x86_64 0.2.1 59.00 62.00 121.00 OK
r-release-osx-x86_64 0.2.1 NOTE
r-oldrel-windows-ix86+x86_64 0.2.1 71.00 60.00 131.00 OK
r-oldrel-osx-x86_64 0.2.1 NOTE

Check Details

Version: 0.2.1
Check: dependencies in R code
Result: NOTE
    Namespace in Imports field not imported from: ‘MASS’
     All declared Imports should be used.
Flavors: r-devel-linux-x86_64-fedora-clang, r-devel-linux-x86_64-fedora-gcc, r-patched-solaris-x86, r-release-osx-x86_64, r-oldrel-osx-x86_64

Version: 0.2.1
Check: package dependencies
Result: NOTE
    Package suggested but not available for checking: ‘gifski’
Flavor: r-patched-solaris-x86