CRAN Package Check Results for Package SSOSVM

Last updated on 2019-08-19 05:46:36 CEST.

Flavor Version Tinstall Tcheck Ttotal Status Flags
r-devel-linux-x86_64-debian-clang 0.2.1 26.19 23.68 49.87 OK
r-devel-linux-x86_64-debian-gcc 0.2.1 21.99 19.07 41.06 OK
r-devel-linux-x86_64-fedora-clang 0.2.1 76.37 NOTE
r-devel-linux-x86_64-fedora-gcc 0.2.1 71.34 NOTE
r-devel-windows-ix86+x86_64 0.2.1 86.00 72.00 158.00 OK
r-patched-linux-x86_64 0.2.1 23.46 23.32 46.78 OK
r-patched-solaris-x86 0.2.1 79.50 NOTE
r-release-linux-x86_64 0.2.1 25.07 23.25 48.32 OK
r-release-windows-ix86+x86_64 0.2.1 57.00 56.00 113.00 OK
r-release-osx-x86_64 0.2.1 NOTE
r-oldrel-windows-ix86+x86_64 0.2.1 81.00 72.00 153.00 OK
r-oldrel-osx-x86_64 0.2.1 NOTE

Check Details

Version: 0.2.1
Check: dependencies in R code
Result: NOTE
    Namespace in Imports field not imported from: ‘MASS’
     All declared Imports should be used.
Flavors: r-devel-linux-x86_64-fedora-clang, r-devel-linux-x86_64-fedora-gcc, r-patched-solaris-x86, r-release-osx-x86_64, r-oldrel-osx-x86_64

Version: 0.2.1
Check: package dependencies
Result: NOTE
    Package suggested but not available for checking: ‘gifski’
Flavor: r-patched-solaris-x86