CRAN Package Check Results for Package STraTUS

Last updated on 2019-08-19 05:46:36 CEST.

Flavor Version Tinstall Tcheck Ttotal Status Flags
r-devel-linux-x86_64-debian-clang 1.1.1 11.21 85.02 96.23 OK
r-devel-linux-x86_64-debian-gcc 1.1.1 9.65 66.73 76.38 OK
r-devel-linux-x86_64-fedora-clang 1.1.1 113.79 OK
r-devel-linux-x86_64-fedora-gcc 1.1.1 111.58 OK
r-devel-windows-ix86+x86_64 1.1.1 28.00 125.00 153.00 OK
r-patched-linux-x86_64 1.1.1 11.23 82.81 94.04 OK
r-patched-solaris-x86 1.1.1 152.10 OK
r-release-linux-x86_64 1.1.1 9.91 82.57 92.48 OK
r-release-windows-ix86+x86_64 1.1.1 19.00 94.00 113.00 OK
r-release-osx-x86_64 1.1.1 ERROR
r-oldrel-windows-ix86+x86_64 1.1.1 19.00 128.00 147.00 OK
r-oldrel-osx-x86_64 1.1.1 ERROR

Check Details

Version: 1.1.1
Check: package dependencies
Result: ERROR
    Package required but not available: ‘ggtree’
    
    See section ‘The DESCRIPTION file’ in the ‘Writing R Extensions’
    manual.
Flavor: r-release-osx-x86_64

Version: 1.1.1
Check: package dependencies
Result: ERROR
    Package required and available but unsuitable version: ‘ggtree’
    
    See section ‘The DESCRIPTION file’ in the ‘Writing R Extensions’
    manual.
Flavor: r-oldrel-osx-x86_64