CRAN Package Check Results for Package STraTUS

Last updated on 2019-12-15 05:47:56 CET.

Flavor Version Tinstall Tcheck Ttotal Status Flags
r-devel-linux-x86_64-debian-clang 1.1.1 11.46 100.57 112.03 OK
r-devel-linux-x86_64-debian-gcc 1.1.1 9.60 76.29 85.89 OK
r-devel-linux-x86_64-fedora-clang 1.1.1 131.22 OK
r-devel-linux-x86_64-fedora-gcc 1.1.1 134.99 OK
r-devel-windows-ix86+x86_64 1.1.1 24.00 152.00 176.00 OK
r-devel-windows-ix86+x86_64-gcc8 1.1.1 32.00 144.00 176.00 OK
r-patched-linux-x86_64 1.1.1 10.29 88.27 98.56 OK
r-patched-solaris-x86 1.1.1 176.80 OK
r-release-linux-x86_64 1.1.1 9.93 87.06 96.99 OK
r-release-windows-ix86+x86_64 1.1.1 19.00 96.00 115.00 OK
r-release-osx-x86_64 1.1.1 OK
r-oldrel-windows-ix86+x86_64 1.1.1 13.00 88.00 101.00 OK
r-oldrel-osx-x86_64 1.1.1 ERROR

Check Details

Version: 1.1.1
Check: package dependencies
Result: ERROR
    Package required and available but unsuitable version: ‘ggtree’
    
    See section ‘The DESCRIPTION file’ in the ‘Writing R Extensions’
    manual.
Flavor: r-oldrel-osx-x86_64