CRAN Package Check Results for Package Scalelink

Last updated on 2021-10-27 05:55:22 CEST.

Flavor Version Tinstall Tcheck Ttotal Status Flags
r-devel-linux-x86_64-debian-clang 1.0 20.56 30.14 50.70 NOTE
r-devel-linux-x86_64-debian-gcc 1.0 14.52 24.15 38.67 NOTE
r-devel-linux-x86_64-fedora-clang 1.0 84.79 NOTE
r-devel-linux-x86_64-fedora-gcc 1.0 65.66 NOTE
r-devel-windows-x86_64 1.0 30.00 45.00 75.00 NOTE
r-devel-windows-x86_64-gcc10-UCRT 1.0 NOTE
r-patched-linux-x86_64 1.0 18.35 29.35 47.70 NOTE
r-patched-solaris-x86 1.0 86.20 NOTE
r-release-linux-x86_64 1.0 17.84 29.53 47.37 NOTE
r-release-macos-arm64 1.0 NOTE
r-release-macos-x86_64 1.0 NOTE
r-release-windows-ix86+x86_64 1.0 42.00 85.00 127.00 NOTE
r-oldrel-macos-x86_64 1.0 NOTE
r-oldrel-windows-ix86+x86_64 1.0 58.00 107.00 165.00 NOTE

Check Details

Version: 1.0
Check: for GNU extensions in Makefiles
Result: NOTE
    GNU make is a SystemRequirements.
Flavors: r-devel-linux-x86_64-debian-clang, r-devel-linux-x86_64-debian-gcc, r-devel-linux-x86_64-fedora-clang, r-devel-linux-x86_64-fedora-gcc, r-devel-windows-x86_64, r-devel-windows-x86_64-gcc10-UCRT, r-patched-linux-x86_64, r-patched-solaris-x86, r-release-linux-x86_64, r-release-macos-arm64, r-release-macos-x86_64, r-release-windows-ix86+x86_64, r-oldrel-macos-x86_64, r-oldrel-windows-ix86+x86_64