CRAN Package Check Results for Package Scalelink

Last updated on 2024-06-15 06:49:56 CEST.

Flavor Version Tinstall Tcheck Ttotal Status Flags
r-devel-linux-x86_64-debian-clang 1.0 21.59 33.84 55.43 NOTE
r-devel-linux-x86_64-debian-gcc 1.0 16.19 26.40 42.59 NOTE
r-devel-linux-x86_64-fedora-clang 1.0 80.16 NOTE
r-devel-linux-x86_64-fedora-gcc 1.0 75.97 NOTE
r-devel-windows-x86_64 1.0 20.00 65.00 85.00 NOTE
r-patched-linux-x86_64 1.0 20.13 32.30 52.43 NOTE
r-release-linux-x86_64 1.0 19.44 32.65 52.09 NOTE
r-release-macos-arm64 1.0 22.00 NOTE
r-release-macos-x86_64 1.0 34.00 NOTE
r-release-windows-x86_64 1.0 22.00 70.00 92.00 NOTE
r-oldrel-macos-arm64 1.0 26.00 NOTE
r-oldrel-macos-x86_64 1.0 40.00 NOTE
r-oldrel-windows-x86_64 1.0 19.00 76.00 95.00 NOTE

Check Details

Version: 1.0
Check: C++ specification
Result: NOTE Specified C++11: please drop specification unless essential Flavors: r-devel-linux-x86_64-debian-clang, r-devel-linux-x86_64-debian-gcc, r-devel-linux-x86_64-fedora-clang, r-devel-linux-x86_64-fedora-gcc, r-devel-windows-x86_64, r-patched-linux-x86_64, r-release-linux-x86_64, r-release-macos-arm64, r-release-macos-x86_64, r-release-windows-x86_64, r-oldrel-macos-arm64, r-oldrel-macos-x86_64, r-oldrel-windows-x86_64

Version: 1.0
Check: for GNU extensions in Makefiles
Result: NOTE GNU make is a SystemRequirements. Flavors: r-devel-linux-x86_64-debian-clang, r-devel-linux-x86_64-debian-gcc, r-devel-linux-x86_64-fedora-clang, r-devel-linux-x86_64-fedora-gcc, r-devel-windows-x86_64, r-patched-linux-x86_64, r-release-linux-x86_64, r-release-macos-arm64, r-release-macos-x86_64, r-release-windows-x86_64, r-oldrel-macos-arm64, r-oldrel-macos-x86_64, r-oldrel-windows-x86_64