CRAN Package Check Results for Package SelvarMix

Last updated on 2019-12-09 05:47:28 CET.

Flavor Version Tinstall Tcheck Ttotal Status Flags
r-devel-linux-x86_64-debian-clang 1.2.1 135.82 31.82 167.64 OK
r-devel-linux-x86_64-debian-gcc 1.2.1 99.02 25.45 124.47 OK
r-devel-linux-x86_64-fedora-clang 1.2.1 241.19 NOTE
r-devel-linux-x86_64-fedora-gcc 1.2.1 239.36 OK
r-devel-windows-ix86+x86_64 1.2.1 253.00 103.00 356.00 OK
r-devel-windows-ix86+x86_64-gcc8 1.2.1 320.00 76.00 396.00 OK
r-patched-linux-x86_64 1.2.1 111.70 29.70 141.40 OK
r-patched-solaris-x86 1.2.1 222.10 OK
r-release-linux-x86_64 1.2.1 113.83 29.60 143.43 OK
r-release-windows-ix86+x86_64 1.2.1 302.00 69.00 371.00 OK
r-release-osx-x86_64 1.2.1 OK
r-oldrel-windows-ix86+x86_64 1.2.1 209.00 63.00 272.00 OK
r-oldrel-osx-x86_64 1.2.1 OK

Check Details

Version: 1.2.1
Check: installed package size
Result: NOTE
     installed size is 6.1Mb
     sub-directories of 1Mb or more:
     libs 5.9Mb
Flavor: r-devel-linux-x86_64-fedora-clang