CRAN Package Check Results for Package SemiCompRisks

Last updated on 2022-01-26 05:54:29 CET.

Flavor Version Tinstall Tcheck Ttotal Status Flags
r-devel-linux-x86_64-debian-clang 3.4 63.71 145.63 209.34 OK
r-devel-linux-x86_64-debian-gcc 3.4 63.80 110.57 174.37 OK
r-devel-linux-x86_64-fedora-clang 3.4 258.58 OK
r-devel-linux-x86_64-fedora-gcc 3.4 272.51 OK
r-devel-windows-x86_64-new-UL 3.4 193.00 172.00 365.00 OK
r-devel-windows-x86_64-new-TK 3.4 OK
r-patched-linux-x86_64 3.4 69.06 140.81 209.87 OK
r-release-linux-x86_64 3.4 66.95 139.97 206.92 OK
r-release-macos-arm64 3.4 NOTE
r-release-macos-x86_64 3.4 NOTE
r-release-windows-ix86+x86_64 3.4 174.00 193.00 367.00 OK
r-oldrel-macos-x86_64 3.4 NOTE
r-oldrel-windows-ix86+x86_64 3.4 172.00 190.00 362.00 OK

Check Details

Version: 3.4
Check: installed package size
Result: NOTE
     installed size is 6.9Mb
     sub-directories of 1Mb or more:
     libs 5.9Mb
Flavors: r-release-macos-arm64, r-release-macos-x86_64, r-oldrel-macos-x86_64