Last updated on 2022-06-25 05:51:27 CEST.
Flavor | Version | Tinstall | Tcheck | Ttotal | Status | Flags |
---|---|---|---|---|---|---|
r-devel-linux-x86_64-debian-clang | 4.1.1 | 147.14 | 458.67 | 605.81 | OK | |
r-devel-linux-x86_64-debian-gcc | 4.1.1 | 116.05 | 331.74 | 447.79 | OK | |
r-devel-linux-x86_64-fedora-clang | 4.1.1 | 802.42 | WARN | |||
r-devel-linux-x86_64-fedora-gcc | 4.1.1 | 764.30 | WARN | |||
r-devel-windows-x86_64 | 4.1.1 | 202.00 | 503.00 | 705.00 | OK | |
r-patched-linux-x86_64 | 4.1.1 | 127.79 | 424.47 | 552.26 | OK | |
r-release-linux-x86_64 | 4.1.1 | 118.70 | 435.10 | 553.80 | OK | |
r-release-macos-arm64 | 4.1.1 | 183.00 | NOTE | |||
r-release-macos-x86_64 | 4.1.1 | 230.00 | NOTE | |||
r-release-windows-x86_64 | 4.1.1 | 206.00 | 477.00 | 683.00 | OK | |
r-oldrel-macos-arm64 | 4.1.1 | 162.00 | NOTE | |||
r-oldrel-macos-x86_64 | 4.1.1 | 224.00 | NOTE | |||
r-oldrel-windows-ix86+x86_64 | 4.1.1 | 305.00 | 749.00 | 1054.00 | OK |
Version: 4.1.1
Check: package dependencies
Result: WARN
Imports includes 41 non-default packages.
Importing from so many packages makes the package vulnerable to any of
them becoming unavailable. Move as many as possible to Suggests and
use conditionally.
Requires (indirectly) orphaned package: ‘gtools’
Flavor: r-devel-linux-x86_64-fedora-clang
Version: 4.1.1
Check: installed package size
Result: NOTE
installed size is 8.3Mb
sub-directories of 1Mb or more:
R 1.3Mb
libs 6.3Mb
Flavors: r-devel-linux-x86_64-fedora-clang, r-release-macos-arm64, r-release-macos-x86_64, r-oldrel-macos-arm64, r-oldrel-macos-x86_64
Version: 4.1.1
Check: Rd cross-references
Result: NOTE
Undeclared package ‘Signac’ in Rd xrefs
Flavor: r-devel-linux-x86_64-fedora-clang
Version: 4.1.1
Check: package dependencies
Result: WARN
Requires (indirectly) orphaned package: ‘gtools’
Flavor: r-devel-linux-x86_64-fedora-gcc
Version: 4.1.1
Check: package dependencies
Result: NOTE
Package suggested but not available for checking: ‘monocle’
Flavors: r-release-macos-arm64, r-oldrel-macos-arm64