CRAN Package Check Results for Package Seurat

Last updated on 2019-02-17 05:48:07 CET.

Flavor Version Tinstall Tcheck Ttotal Status Flags
r-devel-linux-x86_64-debian-clang 2.3.4 72.47 348.40 420.87 NOTE
r-devel-linux-x86_64-debian-gcc 2.3.4 63.92 276.81 340.73 NOTE
r-devel-linux-x86_64-fedora-clang 2.3.4 528.02 NOTE
r-devel-linux-x86_64-fedora-gcc 2.3.4 498.64 NOTE
r-devel-windows-ix86+x86_64 2.3.4 188.00 701.00 889.00 NOTE
r-patched-linux-x86_64 2.3.4 72.94 335.93 408.87 NOTE
r-patched-solaris-x86 2.3.4 748.30 NOTE
r-release-linux-x86_64 2.3.4 NOTE
r-release-windows-ix86+x86_64 2.3.4 140.00 809.00 949.00 NOTE
r-release-osx-x86_64 2.3.4 NOTE
r-oldrel-windows-ix86+x86_64 2.3.4 198.00 872.00 1070.00 NOTE
r-oldrel-osx-x86_64 2.3.4 NOTE

Check Details

Version: 2.3.4
Check: package dependencies
Result: NOTE
    Package suggested but not available for checking: ‘loomR’
Flavors: r-devel-linux-x86_64-debian-clang, r-devel-linux-x86_64-debian-gcc, r-devel-windows-ix86+x86_64, r-patched-linux-x86_64, r-patched-solaris-x86, r-release-linux-x86_64, r-release-windows-ix86+x86_64, r-oldrel-windows-ix86+x86_64

Version: 2.3.4
Check: package dependencies
Result: NOTE
    Packages suggested but not available for checking: 'loomR', 'MAST'
Flavors: r-devel-linux-x86_64-fedora-clang, r-devel-linux-x86_64-fedora-gcc

Version: 2.3.4
Check: installed package size
Result: NOTE
     installed size is 7.5Mb
     sub-directories of 1Mb or more:
     libs 6.0Mb
Flavors: r-devel-linux-x86_64-fedora-clang, r-release-osx-x86_64, r-oldrel-osx-x86_64

Version: 2.3.4
Check: package dependencies
Result: NOTE
    Packages suggested but not available for checking:
     ‘loomR’ ‘made4’ ‘SingleCellExperiment’ ‘MAST’
Flavors: r-release-osx-x86_64, r-oldrel-osx-x86_64