CRAN Package Check Results for Package Seurat

Last updated on 2022-01-23 05:58:05 CET.

Flavor Version Tinstall Tcheck Ttotal Status Flags
r-devel-linux-x86_64-debian-clang 4.1.0 124.86 406.57 531.43 OK
r-devel-linux-x86_64-debian-gcc 4.1.0 105.20 325.21 430.41 OK
r-devel-linux-x86_64-fedora-clang 4.1.0 677.20 NOTE
r-devel-linux-x86_64-fedora-gcc 4.1.0 639.83 OK
r-devel-windows-x86_64-new-UL 4.1.0 265.00 473.00 738.00 OK
r-devel-windows-x86_64-new-TK 4.1.0 OK
r-patched-linux-x86_64 4.1.0 97.10 379.14 476.24 OK
r-release-linux-x86_64 4.1.0 83.11 387.65 470.76 OK
r-release-macos-arm64 4.1.0 NOTE
r-release-macos-x86_64 4.1.0 NOTE
r-release-windows-ix86+x86_64 4.1.0 233.00 680.00 913.00 OK
r-oldrel-macos-x86_64 4.0.6 NOTE
r-oldrel-windows-ix86+x86_64 4.1.0 224.00 8.00 232.00 ERROR

Check Details

Version: 4.1.0
Check: package dependencies
Result: NOTE
    Imports includes 41 non-default packages.
    Importing from so many packages makes the package vulnerable to any of
    them becoming unavailable. Move as many as possible to Suggests and
    use conditionally.
Flavor: r-devel-linux-x86_64-fedora-clang

Version: 4.1.0
Check: installed package size
Result: NOTE
     installed size is 9.1Mb
     sub-directories of 1Mb or more:
     R 1.3Mb
     libs 7.1Mb
Flavors: r-devel-linux-x86_64-fedora-clang, r-release-macos-arm64, r-release-macos-x86_64

Version: 4.1.0
Check: Rd cross-references
Result: NOTE
    Undeclared package ‘Signac’ in Rd xrefs
Flavor: r-devel-linux-x86_64-fedora-clang

Version: 4.1.0
Check: package dependencies
Result: NOTE
    Package suggested but not available for checking: ‘monocle’
Flavor: r-release-macos-arm64

Version: 4.0.6
Check: package dependencies
Result: NOTE
    Packages suggested but not available for checking: 'MAST', 'monocle'
Flavor: r-oldrel-macos-x86_64

Version: 4.0.6
Check: installed package size
Result: NOTE
     installed size is 9.8Mb
     sub-directories of 1Mb or more:
     R 1.3Mb
     libs 7.9Mb
Flavor: r-oldrel-macos-x86_64

Version: 4.0.6
Check: dependencies in R code
Result: NOTE
    Missing or unexported objects:
     ‘SingleCellExperiment::mainExpName’
     ‘SingleCellExperiment::mainExpName<-’
Flavor: r-oldrel-macos-x86_64

Version: 4.1.0
Check: whether package can be installed
Result: ERROR
    Installation failed.
Flavor: r-oldrel-windows-ix86+x86_64