CRAN Package Check Results for Package Seurat

Last updated on 2019-04-24 05:48:27 CEST.

Flavor Version Tinstall Tcheck Ttotal Status Flags
r-devel-linux-x86_64-debian-clang 3.0.0 88.32 241.41 329.73 NOTE
r-devel-linux-x86_64-debian-gcc 3.0.0 75.16 195.06 270.22 NOTE
r-devel-linux-x86_64-fedora-clang 3.0.0 472.38 NOTE
r-devel-linux-x86_64-fedora-gcc 3.0.0 396.26 NOTE
r-devel-windows-ix86+x86_64 3.0.0 238.00 493.00 731.00 NOTE
r-patched-linux-x86_64 3.0.0 82.74 239.59 322.33 NOTE
r-patched-solaris-x86 3.0.0 529.10 NOTE
r-release-linux-x86_64 3.0.0 78.06 231.54 309.60 NOTE
r-release-windows-ix86+x86_64 3.0.0 137.00 327.00 464.00 NOTE
r-release-osx-x86_64 3.0.0 NOTE
r-oldrel-windows-ix86+x86_64 3.0.0 194.00 453.00 647.00 NOTE
r-oldrel-osx-x86_64 2.3.4 NOTE

Check Details

Version: 3.0.0
Check: package dependencies
Result: NOTE
    Package suggested but not available for checking: 'loomR'
Flavors: r-devel-linux-x86_64-debian-clang, r-devel-linux-x86_64-debian-gcc, r-devel-windows-ix86+x86_64, r-patched-linux-x86_64, r-patched-solaris-x86, r-release-linux-x86_64, r-release-windows-ix86+x86_64, r-oldrel-windows-ix86+x86_64

Version: 3.0.0
Check: Rd cross-references
Result: NOTE
    Package unavailable to check Rd xrefs: 'loomR'
Flavors: r-devel-linux-x86_64-debian-clang, r-devel-linux-x86_64-debian-gcc, r-devel-linux-x86_64-fedora-clang, r-devel-linux-x86_64-fedora-gcc, r-devel-windows-ix86+x86_64, r-patched-linux-x86_64, r-patched-solaris-x86, r-release-linux-x86_64, r-release-windows-ix86+x86_64, r-release-osx-x86_64, r-oldrel-windows-ix86+x86_64

Version: 3.0.0
Check: package dependencies
Result: NOTE
    Packages suggested but not available for checking: 'loomR', 'MAST'
Flavors: r-devel-linux-x86_64-fedora-clang, r-devel-linux-x86_64-fedora-gcc

Version: 3.0.0
Check: installed package size
Result: NOTE
     installed size is 8.9Mb
     sub-directories of 1Mb or more:
     libs 7.5Mb
Flavors: r-devel-linux-x86_64-fedora-clang, r-release-osx-x86_64

Version: 3.0.0
Check: package dependencies
Result: NOTE
    Packages suggested but not available for checking:
     ‘loomR’ ‘SingleCellExperiment’ ‘MAST’ ‘rtracklayer’
Flavor: r-release-osx-x86_64

Version: 2.3.4
Check: package dependencies
Result: NOTE
    Packages suggested but not available for checking:
     ‘loomR’ ‘made4’ ‘SingleCellExperiment’ ‘MAST’
Flavor: r-oldrel-osx-x86_64

Version: 2.3.4
Check: installed package size
Result: NOTE
     installed size is 7.1Mb
     sub-directories of 1Mb or more:
     libs 6.0Mb
Flavor: r-oldrel-osx-x86_64