CRAN Package Check Results for Package Signac

Last updated on 2022-01-24 05:52:03 CET.

Flavor Version Tinstall Tcheck Ttotal Status Flags
r-devel-linux-x86_64-debian-clang 1.5.0 87.18 403.34 490.52 OK
r-devel-linux-x86_64-debian-gcc 1.5.0 68.93 303.12 372.05 OK
r-devel-linux-x86_64-fedora-clang 1.5.0 618.29 NOTE
r-devel-linux-x86_64-fedora-gcc 1.5.0 623.99 OK
r-devel-windows-x86_64-new-UL 1.5.0 171.00 466.00 637.00 OK
r-devel-windows-x86_64-new-TK 1.5.0 OK
r-patched-linux-x86_64 1.5.0 89.69 384.51 474.20 OK
r-release-linux-x86_64 1.5.0 60.52 383.69 444.21 OK
r-release-macos-arm64 1.5.0 NOTE
r-release-macos-x86_64 1.5.0 OK
r-release-windows-ix86+x86_64 1.5.0 200.00 665.00 865.00 OK
r-oldrel-macos-x86_64 1.5.0 NOTE
r-oldrel-windows-ix86+x86_64 1.5.0 108.00 9.00 117.00 ERROR

Check Details

Version: 1.5.0
Check: package dependencies
Result: NOTE
    Imports includes 28 non-default packages.
    Importing from so many packages makes the package vulnerable to any of
    them becoming unavailable. Move as many as possible to Suggests and
    use conditionally.
Flavor: r-devel-linux-x86_64-fedora-clang

Version: 1.5.0
Check: package dependencies
Result: NOTE
    Packages suggested but not available for checking:
     'chromVAR', 'TFBSTools', 'motifmatchr'
Flavors: r-release-macos-arm64, r-oldrel-macos-x86_64

Version: 1.5.0
Check: Rd cross-references
Result: NOTE
    Packages unavailable to check Rd xrefs: ‘TFBSTools’, ‘motifmatchr’, ‘chromVAR’
Flavors: r-release-macos-arm64, r-oldrel-macos-x86_64

Version: 1.5.0
Check: whether package can be installed
Result: ERROR
    Installation failed.
Flavor: r-oldrel-windows-ix86+x86_64