CRAN Package Check Results for Package SimDesign

Last updated on 2022-08-15 05:49:33 CEST.

Flavor Version Tinstall Tcheck Ttotal Status Flags
r-devel-linux-x86_64-debian-clang 2.9 11.76 121.45 133.21 OK
r-devel-linux-x86_64-debian-gcc 2.9 9.39 90.16 99.55 OK
r-devel-linux-x86_64-fedora-clang 2.9 164.83 NOTE
r-devel-linux-x86_64-fedora-gcc 2.9 170.41 OK
r-devel-windows-x86_64 2.9 35.00 166.00 201.00 NOTE
r-patched-linux-x86_64 2.9 14.11 109.91 124.02 OK
r-release-linux-x86_64 2.9 12.23 110.71 122.94 OK
r-release-macos-arm64 2.9 47.00 NOTE
r-release-macos-x86_64 2.9 69.00 NOTE
r-release-windows-x86_64 2.9 43.00 171.00 214.00 NOTE
r-oldrel-macos-arm64 2.9 54.00 NOTE
r-oldrel-macos-x86_64 2.9 70.00 NOTE
r-oldrel-windows-ix86+x86_64 2.9 24.00 156.00 180.00 NOTE

Check Details

Version: 2.9
Check: installed package size
Result: NOTE
     installed size is 5.7Mb
     sub-directories of 1Mb or more:
     doc 5.2Mb
Flavors: r-devel-linux-x86_64-fedora-clang, r-devel-windows-x86_64, r-release-macos-arm64, r-release-macos-x86_64, r-release-windows-x86_64, r-oldrel-macos-arm64, r-oldrel-macos-x86_64, r-oldrel-windows-ix86+x86_64

Version: 2.9
Check: package dependencies
Result: NOTE
    Package suggested but not available for checking: ‘doMPI’
Flavors: r-release-macos-arm64, r-release-macos-x86_64, r-oldrel-macos-arm64, r-oldrel-macos-x86_64