CRAN Package Check Results for Package SimReg

Last updated on 2022-08-15 05:49:33 CEST.

Flavor Version Tinstall Tcheck Ttotal Status Flags
r-devel-linux-x86_64-debian-clang 3.3 40.31 94.07 134.38 OK
r-devel-linux-x86_64-debian-gcc 3.3 31.14 70.66 101.80 OK
r-devel-linux-x86_64-fedora-clang 3.3 189.68 NOTE
r-devel-linux-x86_64-fedora-gcc 3.3 172.16 NOTE
r-devel-windows-x86_64 3.3 43.00 136.00 179.00 OK
r-patched-linux-x86_64 3.3 31.19 89.82 121.01 OK
r-release-linux-x86_64 3.3 40.20 86.86 127.06 OK
r-release-macos-arm64 3.3 52.00 NOTE
r-release-macos-x86_64 3.3 67.00 NOTE
r-release-windows-x86_64 3.3 42.00 143.00 185.00 OK
r-oldrel-macos-arm64 3.3 62.00 NOTE
r-oldrel-macos-x86_64 3.3 97.00 NOTE
r-oldrel-windows-ix86+x86_64 3.3 108.00 149.00 257.00 OK

Check Details

Version: 3.3
Check: dependencies in R code
Result: NOTE
    Namespace in Imports field not imported from: ‘Rcpp’
     All declared Imports should be used.
Flavors: r-devel-linux-x86_64-fedora-clang, r-devel-linux-x86_64-fedora-gcc, r-release-macos-arm64, r-release-macos-x86_64, r-oldrel-macos-arm64, r-oldrel-macos-x86_64