CRAN Package Check Results for Package SimTimeVar

Last updated on 2024-06-20 06:57:24 CEST.

Flavor Version Tinstall Tcheck Ttotal Status Flags
r-devel-linux-x86_64-debian-clang 1.0.0 3.86 39.23 43.09 NOTE
r-devel-linux-x86_64-debian-gcc 1.0.0 2.78 30.12 32.90 NOTE
r-devel-linux-x86_64-fedora-clang 1.0.0 53.60 NOTE
r-devel-linux-x86_64-fedora-gcc 1.0.0 51.68 NOTE
r-devel-windows-x86_64 1.0.0 5.00 51.00 56.00 NOTE
r-patched-linux-x86_64 1.0.0 3.18 37.04 40.22 NOTE
r-release-linux-x86_64 1.0.0 3.70 37.31 41.01 NOTE
r-release-macos-arm64 1.0.0 22.00 NOTE
r-release-macos-x86_64 1.0.0 28.00 NOTE
r-release-windows-x86_64 1.0.0 6.00 52.00 58.00 NOTE
r-oldrel-macos-arm64 1.0.0 23.00 OK
r-oldrel-macos-x86_64 1.0.0 29.00 OK
r-oldrel-windows-x86_64 1.0.0 7.00 61.00 68.00 OK

Check Details

Version: 1.0.0
Check: Rd files
Result: NOTE checkRd: (-1) make_one_dataset.Rd:67: Lost braces; missing escapes or markup? 67 | \code{within.SD} to be extremely small (e.g., $1 * 10^{-7}$) and all corresponding correlations in matrix | ^ Flavors: r-devel-linux-x86_64-debian-clang, r-devel-linux-x86_64-debian-gcc, r-devel-linux-x86_64-fedora-clang, r-devel-linux-x86_64-fedora-gcc, r-devel-windows-x86_64, r-patched-linux-x86_64, r-release-linux-x86_64, r-release-macos-arm64, r-release-macos-x86_64, r-release-windows-x86_64

Version: 1.0.0
Check: dependencies in R code
Result: NOTE Namespace in Imports field not imported from: ‘metafor’ All declared Imports should be used. Flavors: r-devel-linux-x86_64-fedora-clang, r-devel-linux-x86_64-fedora-gcc