CRAN Package Check Results for Package SimTimeVar

Last updated on 2022-05-25 05:53:49 CEST.

Flavor Version Tinstall Tcheck Ttotal Status Flags
r-devel-linux-x86_64-debian-clang 1.0.0 4.42 49.13 53.55 OK
r-devel-linux-x86_64-debian-gcc 1.0.0 2.95 37.17 40.12 OK
r-devel-linux-x86_64-fedora-clang 1.0.0 65.23 NOTE
r-devel-linux-x86_64-fedora-gcc 1.0.0 61.35 NOTE
r-devel-windows-x86_64 1.0.0 21.00 67.00 88.00 OK
r-patched-linux-x86_64 1.0.0 4.86 46.66 51.52 OK
r-release-linux-x86_64 1.0.0 OK
r-release-macos-arm64 1.0.0 21.00 NOTE
r-release-macos-x86_64 1.0.0 35.00 NOTE
r-release-windows-x86_64 1.0.0 34.00 69.00 103.00 OK
r-oldrel-macos-arm64 1.0.0 40.00 NOTE
r-oldrel-macos-x86_64 1.0.0 44.00 NOTE
r-oldrel-windows-ix86+x86_64 1.0.0 11.00 64.00 75.00 OK

Check Details

Version: 1.0.0
Check: dependencies in R code
Result: NOTE
    Namespace in Imports field not imported from: ‘metafor’
     All declared Imports should be used.
Flavors: r-devel-linux-x86_64-fedora-clang, r-devel-linux-x86_64-fedora-gcc, r-release-macos-arm64, r-release-macos-x86_64, r-oldrel-macos-arm64, r-oldrel-macos-x86_64