CRAN Package Check Results for Package SimplifyStats

Last updated on 2019-07-16 05:48:32 CEST.

Flavor Version Tinstall Tcheck Ttotal Status Flags
r-devel-linux-x86_64-debian-clang 2.0.2 4.09 40.31 44.40 NOTE
r-devel-linux-x86_64-debian-gcc 2.0.2 3.52 31.35 34.87 NOTE
r-devel-linux-x86_64-fedora-clang 2.0.2 52.64 OK
r-devel-linux-x86_64-fedora-gcc 2.0.2 50.30 OK
r-devel-windows-ix86+x86_64 2.0.2 13.00 94.00 107.00 OK
r-patched-linux-x86_64 2.0.2 3.73 39.14 42.87 OK
r-patched-solaris-x86 2.0.2 81.00 OK
r-release-linux-x86_64 2.0.2 4.50 38.79 43.29 OK
r-release-windows-ix86+x86_64 2.0.2 10.00 83.00 93.00 OK
r-release-osx-x86_64 2.0.2 OK
r-oldrel-windows-ix86+x86_64 2.0.2 9.00 73.00 82.00 OK
r-oldrel-osx-x86_64 2.0.2 OK

Check Details

Version: 2.0.2
Check: package vignettes
Result: NOTE
    Package vignette with placeholder title 'Vignette Title':
     'SimplifyStats_Vignette.Rmd'
Flavors: r-devel-linux-x86_64-debian-clang, r-devel-linux-x86_64-debian-gcc