CRAN Package Check Results for Package SimplifyStats

Last updated on 2019-10-15 05:47:59 CEST.

Flavor Version Tinstall Tcheck Ttotal Status Flags
r-devel-linux-x86_64-debian-clang 2.0.2 4.35 41.05 45.40 NOTE
r-devel-linux-x86_64-debian-gcc 2.0.2 4.06 31.95 36.01 NOTE
r-devel-linux-x86_64-fedora-clang 2.0.2 56.12 OK
r-devel-linux-x86_64-fedora-gcc 2.0.2 55.48 OK
r-devel-windows-ix86+x86_64 2.0.2 13.00 57.00 70.00 NOTE
r-patched-linux-x86_64 2.0.2 3.94 39.25 43.19 OK
r-patched-solaris-x86 2.0.2 81.80 OK
r-release-linux-x86_64 2.0.2 4.45 39.72 44.17 OK
r-release-windows-ix86+x86_64 2.0.2 17.00 82.00 99.00 OK
r-release-osx-x86_64 2.0.2 OK
r-oldrel-windows-ix86+x86_64 2.0.2 5.00 53.00 58.00 OK
r-oldrel-osx-x86_64 2.0.2 OK

Check Details

Version: 2.0.2
Check: package vignettes
Result: NOTE
    Package vignette with placeholder title 'Vignette Title':
     'SimplifyStats_Vignette.Rmd'
Flavors: r-devel-linux-x86_64-debian-clang, r-devel-linux-x86_64-debian-gcc, r-devel-windows-ix86+x86_64