CRAN Package Check Results for Package SlaPMEG

Last updated on 2024-06-13 06:58:19 CEST.

Flavor Version Tinstall Tcheck Ttotal Status Flags
r-devel-linux-x86_64-debian-clang 1.0.1 29.31 272.79 302.10 OK
r-devel-linux-x86_64-debian-gcc 1.0.1 0.37 1.62 1.99 ERROR
r-devel-linux-x86_64-fedora-clang 1.0.1 397.48 OK
r-devel-linux-x86_64-fedora-gcc 1.0.1 252.53 OK
r-devel-windows-x86_64 1.0.1 25.00 190.00 215.00 OK
r-patched-linux-x86_64 1.0.1 30.76 266.25 297.01 OK
r-release-linux-x86_64 1.0.1 31.46 263.58 295.04 OK
r-release-macos-arm64 1.0.1 107.00 OK
r-release-macos-x86_64 1.0.1 158.00 OK
r-release-windows-x86_64 1.0.1 27.00 192.00 219.00 OK
r-oldrel-macos-arm64 1.0.1 115.00 OK
r-oldrel-macos-x86_64 1.0.1 205.00 OK
r-oldrel-windows-x86_64 1.0.1 36.00 254.00 290.00 OK

Check Details

Version: 1.0.1
Check: package dependencies
Result: ERROR Packages required but not available: 'lme4', 'globaltest', 'reshape2', 'ggplot2' See section ‘The DESCRIPTION file’ in the ‘Writing R Extensions’ manual. Flavor: r-devel-linux-x86_64-debian-gcc