CRAN Package Check Results for Package SmartSVA

Last updated on 2020-02-27 05:49:01 CET.

Flavor Version Tinstall Tcheck Ttotal Status Flags
r-devel-linux-x86_64-debian-clang 0.1.3 43.80 186.25 230.05 OK
r-devel-linux-x86_64-debian-gcc 0.1.3 32.79 150.91 183.70 OK
r-devel-linux-x86_64-fedora-clang 0.1.3 280.92 OK
r-devel-linux-x86_64-fedora-gcc 0.1.3 275.21 OK
r-devel-windows-ix86+x86_64 0.1.3 72.00 252.00 324.00 OK
r-devel-windows-ix86+x86_64-gcc8 0.1.3 90.00 256.00 346.00 OK
r-patched-linux-x86_64 0.1.3 36.11 159.02 195.13 OK
r-patched-solaris-x86 0.1.3 350.50 OK
r-release-linux-x86_64 0.1.3 37.84 160.37 198.21 OK
r-release-windows-ix86+x86_64 0.1.3 74.00 221.00 295.00 OK
r-release-osx-x86_64 0.1.3 WARN
r-oldrel-windows-ix86+x86_64 0.1.3 55.00 209.00 264.00 OK
r-oldrel-osx-x86_64 0.1.3 OK

Check Details

Version: 0.1.3
Check: whether package can be installed
Result: WARN
    Found the following significant warnings:
     Warning: package ‘BiocParallel’ was built under R version 3.6.1
Flavor: r-release-osx-x86_64