CRAN Package Check Results for Package SmartSVA

Last updated on 2022-08-08 05:50:38 CEST.

Flavor Version Tinstall Tcheck Ttotal Status Flags
r-devel-linux-x86_64-debian-clang 0.1.3 50.02 283.16 333.18 NOTE
r-devel-linux-x86_64-debian-gcc 0.1.3 45.54 211.02 256.56 NOTE
r-devel-linux-x86_64-fedora-clang 0.1.3 445.18 NOTE
r-devel-linux-x86_64-fedora-gcc 0.1.3 411.62 NOTE
r-devel-windows-x86_64 0.1.3 49.00 293.00 342.00 NOTE
r-patched-linux-x86_64 0.1.3 40.03 270.62 310.65 NOTE
r-release-linux-x86_64 0.1.3 NOTE
r-release-macos-arm64 0.1.3 104.00 NOTE
r-release-macos-x86_64 0.1.3 142.00 NOTE
r-release-windows-x86_64 0.1.3 49.00 282.00 331.00 NOTE
r-oldrel-macos-arm64 0.1.3 138.00 NOTE
r-oldrel-macos-x86_64 0.1.3 162.00 NOTE
r-oldrel-windows-ix86+x86_64 0.1.3 126.00 377.00 503.00 NOTE

Check Details

Version: 0.1.3
Check: LazyData
Result: NOTE
     'LazyData' is specified without a 'data' directory
Flavors: r-devel-linux-x86_64-debian-clang, r-devel-linux-x86_64-debian-gcc, r-devel-linux-x86_64-fedora-clang, r-devel-linux-x86_64-fedora-gcc, r-devel-windows-x86_64, r-patched-linux-x86_64, r-release-linux-x86_64, r-release-macos-arm64, r-release-macos-x86_64, r-release-windows-x86_64, r-oldrel-macos-arm64, r-oldrel-macos-x86_64, r-oldrel-windows-ix86+x86_64