CRAN Package Check Results for Package SmartSVA

Last updated on 2019-09-18 05:47:10 CEST.

Flavor Version Tinstall Tcheck Ttotal Status Flags
r-devel-linux-x86_64-debian-clang 0.1.3 36.27 165.25 201.52 OK
r-devel-linux-x86_64-debian-gcc 0.1.3 31.10 129.70 160.80 OK
r-devel-linux-x86_64-fedora-clang 0.1.3 269.80 OK
r-devel-linux-x86_64-fedora-gcc 0.1.3 246.06 OK
r-devel-windows-ix86+x86_64 0.1.3 108.00 221.00 329.00 OK
r-patched-linux-x86_64 0.1.3 33.80 157.86 191.66 OK
r-patched-solaris-x86 0.1.3 367.60 OK
r-release-linux-x86_64 0.1.3 35.53 157.54 193.07 OK
r-release-windows-ix86+x86_64 0.1.3 67.00 220.00 287.00 OK
r-release-osx-x86_64 0.1.3 ERROR
r-oldrel-windows-ix86+x86_64 0.1.3 74.00 218.00 292.00 OK
r-oldrel-osx-x86_64 0.1.3 OK

Check Details

Version: 0.1.3
Check: package dependencies
Result: ERROR
    Packages required but not available: 'sva', 'isva'
    
    See section ‘The DESCRIPTION file’ in the ‘Writing R Extensions’
    manual.
Flavor: r-release-osx-x86_64