CRAN Package Check Results for Package SmoothHazard

Last updated on 2020-09-22 05:51:08 CEST.

Flavor Version Tinstall Tcheck Ttotal Status Flags
r-devel-linux-x86_64-debian-clang 1.4.1 17.90 78.59 96.49 OK
r-devel-linux-x86_64-debian-gcc 1.4.1 0.31 2.31 2.62 ERROR
r-devel-linux-x86_64-fedora-clang 1.4.1 130.78 OK
r-devel-linux-x86_64-fedora-gcc 1.4.1 123.00 OK
r-devel-windows-ix86+x86_64 1.4.1 54.00 125.00 179.00 OK
r-patched-linux-x86_64 1.4.1 17.56 77.23 94.79 OK
r-patched-solaris-x86 1.4.1 184.70 OK
r-release-linux-x86_64 1.4.1 17.65 76.93 94.58 OK
r-release-macos-x86_64 1.4.1 OK
r-release-windows-ix86+x86_64 1.4.1 55.00 147.00 202.00 OK
r-oldrel-macos-x86_64 1.4.1 OK
r-oldrel-windows-ix86+x86_64 1.4.1 41.00 128.00 169.00 OK

Check Details

Version: 1.4.1
Check: whether package can be installed
Result: ERROR
    Installation failed.
Flavor: r-devel-linux-x86_64-debian-gcc