Last updated on 2021-01-18 05:47:39 CET.
Flavor | Version | Tinstall | Tcheck | Ttotal | Status | Flags |
---|---|---|---|---|---|---|
r-devel-linux-x86_64-debian-clang | 0.1.0 | 11.91 | 41.57 | 53.48 | OK | |
r-devel-linux-x86_64-debian-gcc | 0.1.0 | 11.26 | 32.47 | 43.73 | OK | |
r-devel-linux-x86_64-fedora-clang | 0.1.0 | 75.85 | NOTE | |||
r-devel-linux-x86_64-fedora-gcc | 0.1.0 | 65.61 | NOTE | |||
r-devel-windows-ix86+x86_64 | 0.1.0 | 16.00 | 49.00 | 65.00 | NOTE | |
r-patched-linux-x86_64 | 0.1.0 | 10.88 | 40.09 | 50.97 | OK | |
r-patched-solaris-x86 | 0.1.0 | 101.90 | NOTE | |||
r-release-linux-x86_64 | 0.1.0 | 11.74 | 39.90 | 51.64 | OK | |
r-release-macos-x86_64 | 0.1.0 | NOTE | ||||
r-release-windows-ix86+x86_64 | 0.1.0 | 18.00 | 46.00 | 64.00 | NOTE | |
r-oldrel-macos-x86_64 | 0.1.0 | NOTE | ||||
r-oldrel-windows-ix86+x86_64 | 0.1.0 | 19.00 | 44.00 | 63.00 | NOTE |
Version: 0.1.0
Check: installed package size
Result: NOTE
installed size is 11.8Mb
sub-directories of 1Mb or more:
data 11.7Mb
Flavors: r-devel-linux-x86_64-fedora-clang, r-devel-windows-ix86+x86_64, r-patched-solaris-x86, r-release-macos-x86_64, r-release-windows-ix86+x86_64, r-oldrel-macos-x86_64, r-oldrel-windows-ix86+x86_64
Version: 0.1.0
Check: dependencies in R code
Result: NOTE
Namespaces in Imports field not imported from:
‘caret’ ‘nnet’
All declared Imports should be used.
Flavors: r-devel-linux-x86_64-fedora-clang, r-devel-linux-x86_64-fedora-gcc, r-patched-solaris-x86, r-release-macos-x86_64, r-oldrel-macos-x86_64