CRAN Package Check Results for Package SparseFactorAnalysis

Last updated on 2022-08-16 05:54:12 CEST.

Flavor Version Tinstall Tcheck Ttotal Status Flags
r-devel-linux-x86_64-debian-clang 1.0 67.33 79.01 146.34 OK
r-devel-linux-x86_64-debian-gcc 1.0 54.65 58.41 113.06 OK
r-devel-linux-x86_64-fedora-clang 1.0 218.35 NOTE
r-devel-linux-x86_64-fedora-gcc 1.0 191.50 NOTE
r-devel-windows-x86_64 1.0 79.00 124.00 203.00 OK
r-patched-linux-x86_64 1.0 57.23 75.26 132.49 OK
r-release-linux-x86_64 1.0 57.26 75.04 132.30 OK
r-release-macos-arm64 1.0 50.00 OK
r-release-macos-x86_64 1.0 91.00 OK
r-release-windows-x86_64 1.0 83.00 116.00 199.00 OK
r-oldrel-macos-arm64 1.0 52.00 OK
r-oldrel-macos-x86_64 1.0 92.00 OK
r-oldrel-windows-ix86+x86_64 1.0 168.00 134.00 302.00 OK

Check Details

Version: 1.0
Check: compiled code
Result: NOTE
    File ‘SparseFactorAnalysis/libs/SparseFactorAnalysis.so’:
     Found no calls to: ‘R_registerRoutines’, ‘R_useDynamicSymbols’
    
    It is good practice to register native routines and to disable symbol
    search.
    
    See ‘Writing portable packages’ in the ‘Writing R Extensions’ manual.
Flavors: r-devel-linux-x86_64-fedora-clang, r-devel-linux-x86_64-fedora-gcc