CRAN Package Check Results for Package SparseGrid

Last updated on 2019-09-18 05:47:11 CEST.

Flavor Version Tinstall Tcheck Ttotal Status Flags
r-devel-linux-x86_64-debian-clang 0.8.2 2.69 44.11 46.80 NOTE
r-devel-linux-x86_64-debian-gcc 0.8.2 2.19 31.81 34.00 NOTE
r-devel-linux-x86_64-fedora-clang 0.8.2 57.37 NOTE
r-devel-linux-x86_64-fedora-gcc 0.8.2 56.15 NOTE
r-devel-windows-ix86+x86_64 0.8.2 8.00 55.00 63.00 NOTE
r-patched-linux-x86_64 0.8.2 2.02 43.47 45.49 NOTE
r-patched-solaris-x86 0.8.2 77.10 NOTE
r-release-linux-x86_64 0.8.2 2.19 43.28 45.47 NOTE
r-release-windows-ix86+x86_64 0.8.2 4.00 52.00 56.00 NOTE
r-release-osx-x86_64 0.8.2 NOTE
r-oldrel-windows-ix86+x86_64 0.8.2 4.00 55.00 59.00 NOTE
r-oldrel-osx-x86_64 0.8.2 NOTE

Check Details

Version: 0.8.2
Check: DESCRIPTION meta-information
Result: NOTE
    Malformed Description field: should contain one or more complete sentences.
Flavors: r-devel-linux-x86_64-debian-clang, r-devel-linux-x86_64-debian-gcc, r-devel-linux-x86_64-fedora-clang, r-devel-linux-x86_64-fedora-gcc, r-devel-windows-ix86+x86_64, r-patched-linux-x86_64, r-patched-solaris-x86, r-release-linux-x86_64, r-release-windows-ix86+x86_64, r-release-osx-x86_64, r-oldrel-windows-ix86+x86_64, r-oldrel-osx-x86_64