CRAN Package Check Results for Package SparseGrid

Last updated on 2020-02-27 05:49:02 CET.

Flavor Version Tinstall Tcheck Ttotal Status Flags
r-devel-linux-x86_64-debian-clang 0.8.2 2.71 50.53 53.24 NOTE
r-devel-linux-x86_64-debian-gcc 0.8.2 2.36 36.74 39.10 NOTE
r-devel-linux-x86_64-fedora-clang 0.8.2 63.93 NOTE
r-devel-linux-x86_64-fedora-gcc 0.8.2 62.69 NOTE
r-devel-windows-ix86+x86_64 0.8.2 6.00 65.00 71.00 NOTE
r-devel-windows-ix86+x86_64-gcc8 0.8.2 7.00 62.00 69.00 NOTE
r-patched-linux-x86_64 0.8.2 2.55 44.59 47.14 NOTE
r-patched-solaris-x86 0.8.2 77.00 NOTE
r-release-linux-x86_64 0.8.2 2.34 44.82 47.16 NOTE
r-release-windows-ix86+x86_64 0.8.2 4.00 59.00 63.00 NOTE
r-release-osx-x86_64 0.8.2 NOTE
r-oldrel-windows-ix86+x86_64 0.8.2 3.00 56.00 59.00 NOTE
r-oldrel-osx-x86_64 0.8.2 NOTE

Check Details

Version: 0.8.2
Check: DESCRIPTION meta-information
Result: NOTE
    Malformed Description field: should contain one or more complete sentences.
Flavors: r-devel-linux-x86_64-debian-clang, r-devel-linux-x86_64-debian-gcc, r-devel-linux-x86_64-fedora-clang, r-devel-linux-x86_64-fedora-gcc, r-devel-windows-ix86+x86_64, r-devel-windows-ix86+x86_64-gcc8, r-patched-linux-x86_64, r-patched-solaris-x86, r-release-linux-x86_64, r-release-windows-ix86+x86_64, r-release-osx-x86_64, r-oldrel-windows-ix86+x86_64, r-oldrel-osx-x86_64