CRAN Package Check Results for Package SparseTSCGM

Last updated on 2019-07-16 05:48:33 CEST.

Flavor Version Tinstall Tcheck Ttotal Status Flags
r-devel-linux-x86_64-debian-clang 2.5 8.46 72.95 81.41 OK
r-devel-linux-x86_64-debian-gcc 2.5 7.29 58.82 66.11 OK
r-devel-linux-x86_64-fedora-clang 2.5 96.45 NOTE
r-devel-linux-x86_64-fedora-gcc 2.5 95.40 NOTE
r-devel-windows-ix86+x86_64 2.5 27.00 112.00 139.00 OK
r-patched-linux-x86_64 2.5 8.06 72.44 80.50 OK
r-patched-solaris-x86 2.5 158.80 OK
r-release-linux-x86_64 2.5 6.88 71.50 78.38 OK
r-release-windows-ix86+x86_64 2.5 17.00 148.00 165.00 OK
r-release-osx-x86_64 2.5 OK
r-oldrel-windows-ix86+x86_64 2.5 19.00 100.00 119.00 OK
r-oldrel-osx-x86_64 2.5 OK

Check Details

Version: 2.5
Check: compiled code
Result: NOTE
    File ‘SparseTSCGM/libs/SparseTSCGM.so’:
     Found no calls to: ‘R_registerRoutines’, ‘R_useDynamicSymbols’
    
    It is good practice to register native routines and to disable symbol
    search.
    
    See ‘Writing portable packages’ in the ‘Writing R Extensions’ manual.
Flavors: r-devel-linux-x86_64-fedora-clang, r-devel-linux-x86_64-fedora-gcc