CRAN Package Check Results for Package SpatEntropy

Last updated on 2022-01-26 05:54:31 CET.

Flavor Version Tinstall Tcheck Ttotal Status Flags
r-devel-linux-x86_64-debian-clang 2.0-1 11.35 101.37 112.72 OK
r-devel-linux-x86_64-debian-gcc 2.0-1 8.55 78.35 86.90 OK
r-devel-linux-x86_64-fedora-clang 2.0-1 131.90 NOTE
r-devel-linux-x86_64-fedora-gcc 2.0-1 125.92 NOTE
r-devel-windows-x86_64-new-UL 2.0-1 36.00 128.00 164.00 OK
r-devel-windows-x86_64-new-TK 2.0-1 NOTE
r-patched-linux-x86_64 2.0-1 8.38 93.91 102.29 OK
r-release-linux-x86_64 2.0-1 9.34 95.07 104.41 OK
r-release-macos-arm64 2.0-1 NOTE
r-release-macos-x86_64 2.0-1 NOTE
r-release-windows-ix86+x86_64 2.0-1 21.00 118.00 139.00 OK
r-oldrel-macos-x86_64 2.0-1 NOTE
r-oldrel-windows-ix86+x86_64 2.0-1 22.00 116.00 138.00 OK

Check Details

Version: 2.0-1
Check: dependencies in R code
Result: NOTE
    Namespace in Imports field not imported from: ‘spatstat.linnet’
     All declared Imports should be used.
Flavors: r-devel-linux-x86_64-fedora-clang, r-devel-linux-x86_64-fedora-gcc, r-devel-windows-x86_64-new-TK, r-release-macos-arm64, r-release-macos-x86_64, r-oldrel-macos-x86_64