CRAN Package Check Results for Package SpatialTools

Last updated on 2019-08-23 05:47:06 CEST.

Flavor Version Tinstall Tcheck Ttotal Status Flags
r-devel-linux-x86_64-debian-clang 1.0.4 72.11 58.35 130.46 OK
r-devel-linux-x86_64-debian-gcc 1.0.4 61.81 47.12 108.93 OK
r-devel-linux-x86_64-fedora-clang 1.0.4 196.26 NOTE
r-devel-linux-x86_64-fedora-gcc 1.0.4 184.06 OK
r-devel-windows-ix86+x86_64 1.0.4 191.00 135.00 326.00 OK
r-patched-linux-x86_64 1.0.4 70.09 57.55 127.64 OK
r-patched-solaris-x86 1.0.4 202.70 OK
r-release-linux-x86_64 1.0.4 62.16 58.03 120.19 OK
r-release-windows-ix86+x86_64 1.0.4 182.00 148.00 330.00 OK
r-release-osx-x86_64 1.0.4 OK
r-oldrel-windows-ix86+x86_64 1.0.4 173.00 129.00 302.00 OK
r-oldrel-osx-x86_64 1.0.4 OK

Check Details

Version: 1.0.4
Check: installed package size
Result: NOTE
     installed size is 5.4Mb
     sub-directories of 1Mb or more:
     libs 5.2Mb
Flavor: r-devel-linux-x86_64-fedora-clang