CRAN Package Check Results for Package SphericalCubature

Last updated on 2020-02-27 05:49:02 CET.

Flavor Version Tinstall Tcheck Ttotal Status Flags
r-devel-linux-x86_64-debian-clang 1.4 5.37 47.45 52.82 OK
r-devel-linux-x86_64-debian-gcc 1.4 4.49 37.91 42.40 OK
r-devel-linux-x86_64-fedora-clang 1.4 63.21 OK
r-devel-linux-x86_64-fedora-gcc 1.4 62.20 OK
r-devel-windows-ix86+x86_64 1.4 16.00 64.00 80.00 OK
r-devel-windows-ix86+x86_64-gcc8 1.4 16.00 64.00 80.00 OK
r-patched-linux-x86_64 1.4 4.10 43.83 47.93 OK
r-patched-solaris-x86 1.4 86.30 OK
r-release-linux-x86_64 1.4 4.70 43.96 48.66 OK
r-release-windows-ix86+x86_64 1.4 11.00 61.00 72.00 OK
r-release-osx-x86_64 1.4 WARN
r-oldrel-windows-ix86+x86_64 1.4 7.00 57.00 64.00 OK
r-oldrel-osx-x86_64 1.4 OK

Check Details

Version: 1.4
Check: whether package can be installed
Result: WARN
    Found the following significant warnings:
     Warning: 'rgl_init' failed, running with rgl.useNULL = TRUE
Flavor: r-release-osx-x86_64