CRAN Package Check Results for Package SplitReg

Last updated on 2019-08-21 05:47:04 CEST.

Flavor Version Tinstall Tcheck Ttotal Status Flags
r-devel-linux-x86_64-debian-clang 1.0.0 32.91 67.95 100.86 NOTE
r-devel-linux-x86_64-debian-gcc 1.0.0 26.25 43.57 69.82 NOTE
r-devel-linux-x86_64-fedora-clang 1.0.0 140.69 NOTE
r-devel-linux-x86_64-fedora-gcc 1.0.0 160.01 NOTE
r-devel-windows-ix86+x86_64 1.0.0 78.00 238.00 316.00 NOTE
r-patched-linux-x86_64 1.0.0 29.39 91.33 120.72 OK
r-patched-solaris-x86 1.0.0 193.40 OK
r-release-linux-x86_64 1.0.0 28.63 91.85 120.48 OK
r-release-windows-ix86+x86_64 1.0.0 52.00 201.00 253.00 OK
r-release-osx-x86_64 1.0.0 OK
r-oldrel-windows-ix86+x86_64 1.0.0 75.00 226.00 301.00 OK
r-oldrel-osx-x86_64 1.0.0 OK

Additional issues

clang-UBSAN MKL

Check Details

Version: 1.0.0
Check: use of PKG_*FLAGS in Makefiles
Result: NOTE
     PKG_CFLAGS set in 'src/Makevars.in' without any corresponding files
Flavors: r-devel-linux-x86_64-debian-clang, r-devel-linux-x86_64-debian-gcc, r-devel-windows-ix86+x86_64

Version: 1.0.0
Check: use of PKG_*FLAGS in Makefiles
Result: NOTE
     PKG_CFLAGS set in ‘src/Makevars’ without any corresponding files
     PKG_CFLAGS set in ‘src/Makevars.in’ without any corresponding files
Flavors: r-devel-linux-x86_64-fedora-clang, r-devel-linux-x86_64-fedora-gcc