CRAN Package Check Results for Package StMoSim

Last updated on 2021-10-27 05:55:24 CEST.

Flavor Version Tinstall Tcheck Ttotal Status Flags
r-devel-linux-x86_64-debian-clang 3.1.1 19.13 26.10 45.23 NOTE
r-devel-linux-x86_64-debian-gcc 3.1.1 13.38 20.79 34.17 NOTE
r-devel-linux-x86_64-fedora-clang 3.1.1 75.19 NOTE
r-devel-linux-x86_64-fedora-gcc 3.1.1 59.57 NOTE
r-devel-windows-x86_64 3.1.1 29.00 44.00 73.00 NOTE
r-devel-windows-x86_64-gcc10-UCRT 3.1.1 NOTE
r-patched-linux-x86_64 3.1.1 16.48 25.76 42.24 NOTE
r-patched-solaris-x86 3.1.1 76.60 NOTE
r-release-linux-x86_64 3.1.1 16.96 25.53 42.49 NOTE
r-release-macos-arm64 3.1.1 NOTE
r-release-macos-x86_64 3.1.1 NOTE
r-release-windows-ix86+x86_64 3.1.1 46.00 69.00 115.00 NOTE
r-oldrel-macos-x86_64 3.1.1 NOTE
r-oldrel-windows-ix86+x86_64 3.1.1 56.00 90.00 146.00 NOTE

Check Details

Version: 3.1.1
Check: for GNU extensions in Makefiles
Result: NOTE
    GNU make is a SystemRequirements.
Flavors: r-devel-linux-x86_64-debian-clang, r-devel-linux-x86_64-debian-gcc, r-devel-linux-x86_64-fedora-clang, r-devel-linux-x86_64-fedora-gcc, r-devel-windows-x86_64, r-devel-windows-x86_64-gcc10-UCRT, r-patched-linux-x86_64, r-patched-solaris-x86, r-release-linux-x86_64, r-release-macos-arm64, r-release-macos-x86_64, r-release-windows-ix86+x86_64, r-oldrel-macos-x86_64, r-oldrel-windows-ix86+x86_64