CRAN Package Check Results for Package StanHeaders

Last updated on 2019-12-15 05:47:55 CET.

Flavor Version Tinstall Tcheck Ttotal Status Flags
r-devel-linux-x86_64-debian-clang 2.19.0 29.99 384.41 414.40 OK
r-devel-linux-x86_64-debian-gcc 2.19.0 17.72 291.83 309.55 OK
r-devel-linux-x86_64-fedora-clang 2.19.0 465.80 NOTE
r-devel-linux-x86_64-fedora-gcc 2.19.0 537.31 OK
r-devel-windows-ix86+x86_64 2.19.0 106.00 550.00 656.00 NOTE
r-devel-windows-ix86+x86_64-gcc8 2.19.0 95.00 540.00 635.00 NOTE
r-patched-linux-x86_64 2.19.0 20.35 376.08 396.43 OK
r-patched-solaris-x86 2.19.0 613.30 NOTE
r-release-linux-x86_64 2.19.0 19.45 364.82 384.27 OK
r-release-windows-ix86+x86_64 2.19.0 157.00 398.00 555.00 NOTE
r-release-osx-x86_64 2.19.0 NOTE
r-oldrel-windows-ix86+x86_64 2.19.0 96.00 404.00 500.00 NOTE
r-oldrel-osx-x86_64 2.19.0 NOTE

Check Details

Version: 2.19.0
Check: installed package size
Result: NOTE
     installed size is 13.3Mb
     sub-directories of 1Mb or more:
     include 10.3Mb
     lib 2.8Mb
Flavors: r-devel-linux-x86_64-fedora-clang, r-devel-windows-ix86+x86_64, r-devel-windows-ix86+x86_64-gcc8, r-patched-solaris-x86, r-release-windows-ix86+x86_64, r-release-osx-x86_64, r-oldrel-windows-ix86+x86_64, r-oldrel-osx-x86_64