CRAN Package Check Results for Package StempCens

Last updated on 2024-06-13 06:58:20 CEST.

Flavor Version Tinstall Tcheck Ttotal Status Flags
r-devel-linux-x86_64-debian-clang 1.1.0 50.91 110.27 161.18 NOTE
r-devel-linux-x86_64-debian-gcc 1.1.0 0.33 1.75 2.08 ERROR
r-devel-linux-x86_64-fedora-clang 1.1.0 217.84 NOTE
r-devel-linux-x86_64-fedora-gcc 1.1.0 214.77 NOTE
r-devel-windows-x86_64 1.1.0 43.00 115.00 158.00 NOTE
r-patched-linux-x86_64 1.1.0 52.16 109.13 161.29 NOTE
r-release-linux-x86_64 1.1.0 52.73 105.23 157.96 NOTE
r-release-macos-arm64 1.1.0 50.00 NOTE
r-release-macos-x86_64 1.1.0 78.00 NOTE
r-release-windows-x86_64 1.1.0 46.00 115.00 161.00 NOTE
r-oldrel-macos-arm64 1.1.0 55.00 NOTE
r-oldrel-macos-x86_64 1.1.0 101.00 NOTE
r-oldrel-windows-x86_64 1.1.0 55.00 143.00 198.00 NOTE

Check Details

Version: 1.1.0
Check: C++ specification
Result: NOTE Specified C++11: please drop specification unless essential Flavors: r-devel-linux-x86_64-debian-clang, r-devel-linux-x86_64-fedora-clang, r-devel-linux-x86_64-fedora-gcc, r-devel-windows-x86_64, r-patched-linux-x86_64, r-release-linux-x86_64, r-release-macos-arm64, r-release-macos-x86_64, r-release-windows-x86_64, r-oldrel-macos-arm64, r-oldrel-macos-x86_64, r-oldrel-windows-x86_64

Version: 1.1.0
Check: package subdirectories
Result: NOTE Problems with news in ‘NEWS.md’: No news entries found. Flavors: r-devel-linux-x86_64-debian-clang, r-devel-linux-x86_64-fedora-clang, r-devel-linux-x86_64-fedora-gcc, r-devel-windows-x86_64, r-patched-linux-x86_64, r-release-linux-x86_64, r-release-macos-arm64, r-release-macos-x86_64, r-release-windows-x86_64, r-oldrel-macos-arm64, r-oldrel-macos-x86_64, r-oldrel-windows-x86_64

Version: 1.1.0
Check: package dependencies
Result: ERROR Package required but not available: ‘ggplot2’ Package suggested but not available for checking: ‘testthat’ See section ‘The DESCRIPTION file’ in the ‘Writing R Extensions’ manual. Flavor: r-devel-linux-x86_64-debian-gcc