CRAN Package Check Results for Package StepReg

Last updated on 2019-08-24 05:47:10 CEST.

Flavor Version Tinstall Tcheck Ttotal Status Flags
r-devel-linux-x86_64-debian-clang 1.2.0 39.44 23.04 62.48 OK
r-devel-linux-x86_64-debian-gcc 1.2.0 33.65 19.85 53.50 OK
r-devel-linux-x86_64-fedora-clang 1.2.0 90.39 NOTE
r-devel-linux-x86_64-fedora-gcc 1.2.0 89.46 OK
r-devel-windows-ix86+x86_64 1.2.0 62.00 83.00 145.00 OK
r-patched-linux-x86_64 1.2.0 36.56 24.17 60.73 OK
r-patched-solaris-x86 1.2.0 98.30 OK
r-release-linux-x86_64 1.2.0 35.85 24.06 59.91 OK
r-release-windows-ix86+x86_64 1.2.0 85.00 77.00 162.00 OK
r-release-osx-x86_64 1.2.0 NOTE
r-oldrel-windows-ix86+x86_64 1.2.0 80.00 65.00 145.00 OK
r-oldrel-osx-x86_64 1.2.0 NOTE

Additional issues

valgrind

Check Details

Version: 1.2.0
Check: installed package size
Result: NOTE
     installed size is 12.4Mb
     sub-directories of 1Mb or more:
     libs 12.2Mb
Flavors: r-devel-linux-x86_64-fedora-clang, r-release-osx-x86_64, r-oldrel-osx-x86_64