CRAN Package Check Results for Package StepReg

Last updated on 2020-01-19 05:47:21 CET.

Flavor Version Tinstall Tcheck Ttotal Status Flags
r-devel-linux-x86_64-debian-clang 1.3.4 44.12 28.45 72.57 OK
r-devel-linux-x86_64-debian-gcc 1.3.4 33.64 23.98 57.62 OK
r-devel-linux-x86_64-fedora-clang 1.3.4 97.54 NOTE
r-devel-linux-x86_64-fedora-gcc 1.3.4 91.85 OK
r-devel-windows-ix86+x86_64 1.3.4 94.00 78.00 172.00 OK
r-devel-windows-ix86+x86_64-gcc8 1.3.4 80.00 80.00 160.00 OK
r-patched-linux-x86_64 1.3.4 38.27 27.32 65.59 OK
r-patched-solaris-x86 1.3.4 86.90 OK
r-release-linux-x86_64 1.3.4 37.38 27.19 64.57 OK
r-release-windows-ix86+x86_64 1.3.4 85.00 81.00 166.00 OK
r-release-osx-x86_64 1.3.4 NOTE
r-oldrel-windows-ix86+x86_64 1.3.4 82.00 58.00 140.00 OK
r-oldrel-osx-x86_64 1.3.4 NOTE

Check Details

Version: 1.3.4
Check: installed package size
Result: NOTE
     installed size is 12.4Mb
     sub-directories of 1Mb or more:
     libs 12.2Mb
Flavors: r-devel-linux-x86_64-fedora-clang, r-release-osx-x86_64, r-oldrel-osx-x86_64