CRAN Package Check Results for Package StockDistFit

Last updated on 2024-06-13 06:58:20 CEST.

Flavor Version Tinstall Tcheck Ttotal Status Flags
r-devel-linux-x86_64-debian-clang 1.0.0 15.41 144.93 160.34 OK
r-devel-linux-x86_64-debian-gcc 1.0.0 0.52 1.79 2.31 ERROR
r-devel-linux-x86_64-fedora-clang 1.0.0 208.32 OK
r-devel-linux-x86_64-fedora-gcc 1.0.0 228.83 OK
r-devel-windows-x86_64 1.0.0 13.00 125.00 138.00 OK
r-patched-linux-x86_64 1.0.0 14.37 139.98 154.35 OK
r-release-linux-x86_64 1.0.0 15.98 140.83 156.81 OK
r-release-macos-arm64 1.0.0 63.00 OK
r-release-macos-x86_64 1.0.0 98.00 OK
r-release-windows-x86_64 1.0.0 14.00 125.00 139.00 OK
r-oldrel-macos-arm64 1.0.0 60.00 OK
r-oldrel-macos-x86_64 1.0.0 145.00 OK
r-oldrel-windows-x86_64 1.0.0 17.00 159.00 176.00 OK

Check Details

Version: 1.0.0
Check: package dependencies
Result: ERROR Package required but not available: ‘dplyr’ See section ‘The DESCRIPTION file’ in the ‘Writing R Extensions’ manual. Flavor: r-devel-linux-x86_64-debian-gcc