CRAN Package Check Results for Package String2AdjMatrix

Last updated on 2021-12-02 05:49:12 CET.

Flavor Version Tinstall Tcheck Ttotal Status Flags
r-devel-linux-x86_64-debian-clang 0.1.0 2.10 19.87 21.97 NOTE
r-devel-linux-x86_64-debian-gcc 0.1.0 1.46 15.95 17.41 NOTE
r-devel-linux-x86_64-fedora-clang 0.1.0 38.40 NOTE
r-devel-linux-x86_64-fedora-gcc 0.1.0 27.58 NOTE
r-devel-windows-x86_64-new-UL 0.1.0 7.00 54.00 61.00 NOTE
r-devel-windows-x86_64-new-TK 0.1.0 NOTE
r-devel-windows-x86_64-old 0.1.0 6.00 29.00 35.00 NOTE
r-patched-linux-x86_64 0.1.0 2.00 19.26 21.26 NOTE
r-patched-solaris-x86 0.1.0 45.30 NOTE
r-release-linux-x86_64 0.1.0 1.66 19.03 20.69 NOTE
r-release-macos-arm64 0.1.0 NOTE
r-release-macos-x86_64 0.1.0 NOTE
r-release-windows-ix86+x86_64 0.1.0 6.00 38.00 44.00 NOTE
r-oldrel-macos-x86_64 0.1.0 OK
r-oldrel-windows-ix86+x86_64 0.1.0 5.00 38.00 43.00 OK

Check Details

Version: 0.1.0
Check: LazyData
Result: NOTE
     'LazyData' is specified without a 'data' directory
Flavors: r-devel-linux-x86_64-debian-clang, r-devel-linux-x86_64-debian-gcc, r-devel-linux-x86_64-fedora-clang, r-devel-linux-x86_64-fedora-gcc, r-devel-windows-x86_64-new-UL, r-devel-windows-x86_64-new-TK, r-devel-windows-x86_64-old, r-patched-linux-x86_64, r-patched-solaris-x86, r-release-linux-x86_64, r-release-macos-arm64, r-release-macos-x86_64, r-release-windows-ix86+x86_64