CRAN Package Check Results for Package SunsVoc

Last updated on 2021-12-03 05:52:15 CET.

Flavor Version Tinstall Tcheck Ttotal Status Flags
r-devel-linux-x86_64-debian-clang 0.1.2 21.23 70.36 91.59 OK
r-devel-linux-x86_64-debian-gcc 0.1.2 20.68 53.50 74.18 OK
r-devel-linux-x86_64-fedora-clang 0.1.2 126.69 NOTE
r-devel-linux-x86_64-fedora-gcc 0.1.2 113.74 NOTE
r-devel-windows-x86_64-new-UL 0.1.2 37.00 127.00 164.00 OK
r-devel-windows-x86_64-new-TK 0.1.2 NOTE
r-devel-windows-x86_64-old 0.1.2 34.00 75.00 109.00 OK
r-patched-linux-x86_64 0.1.2 23.30 65.88 89.18 OK
r-patched-solaris-x86 0.1.2 141.40 NOTE
r-release-linux-x86_64 0.1.2 22.28 65.14 87.42 OK
r-release-macos-arm64 0.1.2 NOTE
r-release-macos-x86_64 0.1.2 NOTE
r-release-windows-ix86+x86_64 0.1.2 36.00 87.00 123.00 OK
r-oldrel-macos-x86_64 0.1.2 NOTE
r-oldrel-windows-ix86+x86_64 0.1.2 36.00 100.00 136.00 OK

Check Details

Version: 0.1.2
Check: dependencies in R code
Result: NOTE
    Namespace in Imports field not imported from: ‘data.table’
     All declared Imports should be used.
Flavors: r-devel-linux-x86_64-fedora-clang, r-devel-linux-x86_64-fedora-gcc, r-devel-windows-x86_64-new-TK, r-patched-solaris-x86, r-release-macos-arm64, r-release-macos-x86_64, r-oldrel-macos-x86_64