CRAN Package Check Results for Package SurvHiDim

Last updated on 2022-01-26 05:54:32 CET.

Flavor Version Tinstall Tcheck Ttotal Status Flags
r-devel-linux-x86_64-debian-clang 0.1.1 16.54 153.42 169.96 OK
r-devel-linux-x86_64-debian-gcc 0.1.1 12.95 116.35 129.30 OK
r-devel-linux-x86_64-fedora-clang 0.1.1 195.05 NOTE
r-devel-linux-x86_64-fedora-gcc 0.1.1 193.46 NOTE
r-devel-windows-x86_64-new-UL 0.1.1 29.00 171.00 200.00 OK
r-devel-windows-x86_64-new-TK 0.1.1 ERROR
r-patched-linux-x86_64 0.1.1 14.40 141.92 156.32 OK
r-release-linux-x86_64 0.1.1 15.01 139.31 154.32 OK
r-release-macos-arm64 0.1.1 NOTE
r-release-macos-x86_64 0.1.1 NOTE
r-release-windows-ix86+x86_64 0.1.1 30.00 164.00 194.00 OK
r-oldrel-macos-x86_64 0.1.1 NOTE
r-oldrel-windows-ix86+x86_64 0.1.1 39.00 166.00 205.00 OK

Check Details

Version: 0.1.1
Check: dependencies in R code
Result: NOTE
    Namespace in Imports field not imported from: ‘readr’
     All declared Imports should be used.
Flavors: r-devel-linux-x86_64-fedora-clang, r-devel-linux-x86_64-fedora-gcc, r-release-macos-arm64, r-release-macos-x86_64, r-oldrel-macos-x86_64

Version: 0.1.1
Check: package dependencies
Result: ERROR
    Package required but not available: 'factoextra'
    
    See section 'The DESCRIPTION file' in the 'Writing R Extensions'
    manual.
Flavor: r-devel-windows-x86_64-new-TK