CRAN Package Check Results for Package SurviMChd

Last updated on 2022-01-24 05:52:04 CET.

Flavor Version Tinstall Tcheck Ttotal Status Flags
r-devel-linux-x86_64-debian-clang 0.1.1 9.94 95.74 105.68 OK
r-devel-linux-x86_64-debian-gcc 0.1.1 8.53 73.67 82.20 OK
r-devel-linux-x86_64-fedora-clang 0.1.1 131.86 NOTE
r-devel-linux-x86_64-fedora-gcc 0.1.1 126.03 NOTE
r-devel-windows-x86_64-new-UL 0.1.1 43.00 112.00 155.00 OK
r-devel-windows-x86_64-new-TK 0.1.1 NOTE
r-patched-linux-x86_64 0.1.1 11.40 92.21 103.61 OK
r-release-linux-x86_64 0.1.1 8.05 91.39 99.44 OK
r-release-macos-arm64 0.1.1 NOTE
r-release-macos-x86_64 0.1.1 NOTE
r-release-windows-ix86+x86_64 0.1.1 26.00 107.00 133.00 OK
r-oldrel-macos-x86_64 0.1.1 NOTE
r-oldrel-windows-ix86+x86_64 0.1.1 26.00 108.00 134.00 OK

Check Details

Version: 0.1.1
Check: dependencies in R code
Result: NOTE
    Namespaces in Imports field not imported from:
     ‘Rdpack’ ‘readr’ ‘rlang’ ‘survival’ ‘tidyverse’ ‘utils’
     All declared Imports should be used.
Flavors: r-devel-linux-x86_64-fedora-clang, r-devel-linux-x86_64-fedora-gcc, r-devel-windows-x86_64-new-TK, r-release-macos-arm64, r-release-macos-x86_64, r-oldrel-macos-x86_64