CRAN Package Check Results for Package SymbolicDeterminants

Last updated on 2022-01-24 05:52:05 CET.

Flavor Version Tinstall Tcheck Ttotal Status Flags
r-devel-linux-x86_64-debian-clang 2.0.0 3.80 42.13 45.93 NOTE
r-devel-linux-x86_64-debian-gcc 2.0.0 2.51 32.18 34.69 NOTE
r-devel-linux-x86_64-fedora-clang 2.0.0 55.28 NOTE
r-devel-linux-x86_64-fedora-gcc 2.0.0 43.97 NOTE
r-devel-windows-x86_64-new-UL 2.0.0 121.00 62.00 183.00 NOTE
r-devel-windows-x86_64-new-TK 2.0.0 NOTE
r-patched-linux-x86_64 2.0.0 3.44 40.29 43.73 NOTE
r-release-linux-x86_64 2.0.0 2.83 39.35 42.18 NOTE
r-release-macos-arm64 2.0.0 NOTE
r-release-macos-x86_64 2.0.0 NOTE
r-release-windows-ix86+x86_64 2.0.0 8.00 50.00 58.00 NOTE
r-oldrel-macos-x86_64 2.0.0 OK
r-oldrel-windows-ix86+x86_64 2.0.0 8.00 50.00 58.00 OK

Check Details

Version: 2.0.0
Check: LazyData
Result: NOTE
     'LazyData' is specified without a 'data' directory
Flavors: r-devel-linux-x86_64-debian-clang, r-devel-linux-x86_64-debian-gcc, r-devel-linux-x86_64-fedora-clang, r-devel-linux-x86_64-fedora-gcc, r-devel-windows-x86_64-new-UL, r-devel-windows-x86_64-new-TK, r-patched-linux-x86_64, r-release-linux-x86_64, r-release-macos-arm64, r-release-macos-x86_64, r-release-windows-ix86+x86_64