CRAN Package Check Results for Package Synth

Last updated on 2022-01-24 05:52:05 CET.

Flavor Version Tinstall Tcheck Ttotal Status Flags
r-devel-linux-x86_64-debian-clang 1.1-5 4.60 54.25 58.85 NOTE
r-devel-linux-x86_64-debian-gcc 1.1-5 4.48 41.70 46.18 NOTE
r-devel-linux-x86_64-fedora-clang 1.1-5 73.51 NOTE
r-devel-linux-x86_64-fedora-gcc 1.1-5 62.37 NOTE
r-devel-windows-x86_64-new-UL 1.1-5 20.00 71.00 91.00 NOTE
r-devel-windows-x86_64-new-TK 1.1-5 NOTE
r-patched-linux-x86_64 1.1-5 4.83 52.15 56.98 NOTE
r-release-linux-x86_64 1.1-5 5.61 52.55 58.16 NOTE
r-release-macos-arm64 1.1-5 NOTE
r-release-macos-x86_64 1.1-5 NOTE
r-release-windows-ix86+x86_64 1.1-5 12.00 65.00 77.00 NOTE
r-oldrel-macos-x86_64 1.1-5 NOTE
r-oldrel-windows-ix86+x86_64 1.1-5 12.00 65.00 77.00 NOTE

Check Details

Version: 1.1-5
Check: dependencies in R code
Result: NOTE
    'library' or 'require' calls in package code:
     'LowRankQP' 'rgenoud'
     Please use :: or requireNamespace() instead.
     See section 'Suggested packages' in the 'Writing R Extensions' manual.
Flavors: r-devel-linux-x86_64-debian-clang, r-devel-linux-x86_64-debian-gcc, r-devel-linux-x86_64-fedora-clang, r-devel-linux-x86_64-fedora-gcc, r-devel-windows-x86_64-new-UL, r-devel-windows-x86_64-new-TK, r-patched-linux-x86_64, r-release-linux-x86_64, r-release-macos-arm64, r-release-macos-x86_64, r-release-windows-ix86+x86_64, r-oldrel-macos-x86_64, r-oldrel-windows-ix86+x86_64

Version: 1.1-5
Check: R code for possible problems
Result: NOTE
    fn.V: no visible global function definition for 'LowRankQP'
    gaps.plot: no visible global function definition for 'abline'
    path.plot: no visible global function definition for 'lines'
    path.plot: no visible global function definition for 'abline'
    path.plot: no visible global function definition for 'legend'
    synth: no visible binding for global variable 'sd'
    synth: no visible binding for global variable 'var'
    synth: no visible global function definition for 'LowRankQP'
    Undefined global functions or variables:
     LowRankQP abline legend lines sd var
    Consider adding
     importFrom("graphics", "abline", "legend", "lines")
     importFrom("stats", "sd", "var")
    to your NAMESPACE file.
Flavors: r-devel-linux-x86_64-debian-clang, r-devel-linux-x86_64-debian-gcc, r-devel-linux-x86_64-fedora-clang, r-devel-linux-x86_64-fedora-gcc, r-devel-windows-x86_64-new-UL, r-devel-windows-x86_64-new-TK, r-patched-linux-x86_64, r-release-linux-x86_64, r-release-macos-arm64, r-release-macos-x86_64, r-release-windows-ix86+x86_64, r-oldrel-macos-x86_64, r-oldrel-windows-ix86+x86_64