CRAN Package Check Results for Package TDA

Last updated on 2022-01-20 05:50:38 CET.

Flavor Version Tinstall Tcheck Ttotal Status Flags
r-devel-linux-x86_64-debian-clang 1.8.2 OK
r-devel-linux-x86_64-debian-gcc 1.8.2 103.43 77.70 181.13 OK
r-devel-linux-x86_64-fedora-clang 1.8.2 308.74 NOTE
r-devel-linux-x86_64-fedora-gcc 1.8.2 295.14 NOTE
r-devel-windows-x86_64-new-UL 1.8.2 392.00 209.00 601.00 OK
r-devel-windows-x86_64-new-TK 1.8.2 NOTE
r-patched-linux-x86_64 1.8.2 111.01 99.82 210.83 OK
r-release-linux-x86_64 1.8.2 OK
r-release-macos-arm64 1.8.2 NOTE
r-release-macos-x86_64 1.8.2 NOTE
r-release-windows-ix86+x86_64 1.8.2 234.00 212.00 446.00 NOTE
r-oldrel-macos-x86_64 1.7.7 NOTE
r-oldrel-windows-ix86+x86_64 1.8.2 236.00 195.00 431.00 NOTE

Additional issues

clang-UBSAN

Check Details

Version: 1.8.2
Check: installed package size
Result: NOTE
     installed size is 29.8Mb
     sub-directories of 1Mb or more:
     doc 1.3Mb
     libs 28.1Mb
Flavors: r-devel-linux-x86_64-fedora-clang, r-release-macos-arm64, r-release-macos-x86_64, r-release-windows-ix86+x86_64, r-oldrel-windows-ix86+x86_64

Version: 1.8.2
Check: dependencies in R code
Result: NOTE
    Namespace in Imports field not imported from: ‘scales’
     All declared Imports should be used.
Flavors: r-devel-linux-x86_64-fedora-clang, r-devel-linux-x86_64-fedora-gcc, r-devel-windows-x86_64-new-TK, r-release-macos-arm64, r-release-macos-x86_64

Version: 1.7.7
Check: installed package size
Result: NOTE
     installed size is 37.8Mb
     sub-directories of 1Mb or more:
     doc 1.4Mb
     libs 36.0Mb
Flavor: r-oldrel-macos-x86_64

Version: 1.7.7
Check: dependencies in R code
Result: NOTE
    Namespace in Imports field not imported from: ‘scales’
     All declared Imports should be used.
Flavor: r-oldrel-macos-x86_64