CRAN Package Check Results for Package TDAkit

Last updated on 2022-01-17 05:51:24 CET.

Flavor Version Tinstall Tcheck Ttotal Status Flags
r-devel-linux-x86_64-debian-clang 0.1.2 68.38 174.46 242.84 OK
r-devel-linux-x86_64-debian-gcc 0.1.2 54.39 147.32 201.71 OK
r-devel-linux-x86_64-fedora-clang 0.1.2 337.45 NOTE
r-devel-linux-x86_64-fedora-gcc 0.1.2 311.05 OK
r-devel-windows-x86_64-new-UL 0.1.2 96.00 248.00 344.00 OK
r-devel-windows-x86_64-new-TK 0.1.2 OK
r-patched-linux-x86_64 0.1.2 61.46 170.53 231.99 OK
r-release-linux-x86_64 0.1.2 OK
r-release-macos-arm64 0.1.2 OK
r-release-macos-x86_64 0.1.2 OK
r-release-windows-ix86+x86_64 0.1.2 171.00 528.00 699.00 OK
r-oldrel-macos-x86_64 0.1.2 OK
r-oldrel-windows-ix86+x86_64 0.1.2 174.00 545.00 719.00 OK

Check Details

Version: 0.1.2
Check: Rd cross-references
Result: NOTE
    Undeclared package ‘Rtsne’ in Rd xrefs
Flavor: r-devel-linux-x86_64-fedora-clang