CRAN Package Check Results for Package TH.data

Last updated on 2019-09-17 05:47:22 CEST.

Flavor Version Tinstall Tcheck Ttotal Status Flags
r-devel-linux-x86_64-debian-clang 1.0-10 4.77 27.44 32.21 OK
r-devel-linux-x86_64-debian-gcc 1.0-10 OK
r-devel-linux-x86_64-fedora-clang 1.0-10 41.29 NOTE
r-devel-linux-x86_64-fedora-gcc 1.0-10 39.90 OK
r-devel-windows-ix86+x86_64 1.0-10 17.00 57.00 74.00 NOTE
r-patched-linux-x86_64 1.0-10 4.51 27.17 31.68 OK
r-patched-solaris-x86 1.0-10 65.20 NOTE
r-release-linux-x86_64 1.0-10 4.89 27.57 32.46 OK
r-release-windows-ix86+x86_64 1.0-10 11.00 41.00 52.00 NOTE
r-release-osx-x86_64 1.0-10 NOTE
r-oldrel-windows-ix86+x86_64 1.0-10 10.00 36.00 46.00 NOTE
r-oldrel-osx-x86_64 1.0-10 NOTE

Check Details

Version: 1.0-10
Check: installed package size
Result: NOTE
     installed size is 8.5Mb
     sub-directories of 1Mb or more:
     data 1.2Mb
     rda 7.1Mb
Flavors: r-devel-linux-x86_64-fedora-clang, r-devel-windows-ix86+x86_64, r-patched-solaris-x86, r-release-windows-ix86+x86_64, r-release-osx-x86_64, r-oldrel-windows-ix86+x86_64, r-oldrel-osx-x86_64