CRAN Package Check Results for Package TH.data

Last updated on 2020-02-27 05:49:03 CET.

Flavor Version Tinstall Tcheck Ttotal Status Flags
r-devel-linux-x86_64-debian-clang 1.0-10 5.99 30.97 36.96 OK
r-devel-linux-x86_64-debian-gcc 1.0-10 5.03 25.27 30.30 OK
r-devel-linux-x86_64-fedora-clang 1.0-10 44.17 NOTE
r-devel-linux-x86_64-fedora-gcc 1.0-10 44.42 OK
r-devel-windows-ix86+x86_64 1.0-10 13.00 38.00 51.00 NOTE
r-devel-windows-ix86+x86_64-gcc8 1.0-10 12.00 44.00 56.00 NOTE
r-patched-linux-x86_64 1.0-10 4.58 28.25 32.83 OK
r-patched-solaris-x86 1.0-10 64.90 NOTE
r-release-linux-x86_64 1.0-10 5.42 27.98 33.40 OK
r-release-windows-ix86+x86_64 1.0-10 11.00 41.00 52.00 NOTE
r-release-osx-x86_64 1.0-10 NOTE
r-oldrel-windows-ix86+x86_64 1.0-10 7.00 151.00 158.00 NOTE
r-oldrel-osx-x86_64 1.0-10 NOTE

Check Details

Version: 1.0-10
Check: installed package size
Result: NOTE
     installed size is 8.5Mb
     sub-directories of 1Mb or more:
     data 1.2Mb
     rda 7.1Mb
Flavors: r-devel-linux-x86_64-fedora-clang, r-devel-windows-ix86+x86_64, r-devel-windows-ix86+x86_64-gcc8, r-patched-solaris-x86, r-release-windows-ix86+x86_64, r-release-osx-x86_64, r-oldrel-windows-ix86+x86_64, r-oldrel-osx-x86_64