CRAN Package Check Results for Package TKF

Last updated on 2019-02-16 05:49:29 CET.

Flavor Version Tinstall Tcheck Ttotal Status Flags
r-devel-linux-x86_64-debian-clang 0.0.8 7.72 103.81 111.53 NOTE
r-devel-linux-x86_64-debian-gcc 0.0.8 7.58 83.25 90.83 NOTE
r-devel-linux-x86_64-fedora-clang 0.0.8 144.14 NOTE
r-devel-linux-x86_64-fedora-gcc 0.0.8 138.07 NOTE
r-devel-windows-ix86+x86_64 0.0.8 30.00 350.00 380.00 NOTE
r-patched-linux-x86_64 0.0.8 9.41 101.79 111.20 NOTE
r-patched-solaris-x86 0.0.8 245.00 NOTE
r-release-linux-x86_64 0.0.8 7.92 99.89 107.81 NOTE
r-release-windows-ix86+x86_64 0.0.8 18.00 268.00 286.00 NOTE
r-release-osx-x86_64 0.0.8 NOTE
r-oldrel-windows-ix86+x86_64 0.0.8 33.00 348.00 381.00 NOTE
r-oldrel-osx-x86_64 0.0.8 NOTE

Check Details

Version: 0.0.8
Check: R code for possible problems
Result: NOTE
    ls.tree: no visible global function definition for ‘lm’
    ls.tree: no visible global function definition for ‘coef’
    Undefined global functions or variables:
     coef lm
    Consider adding
     importFrom("stats", "coef", "lm")
    to your NAMESPACE file.
Flavors: r-devel-linux-x86_64-debian-clang, r-devel-linux-x86_64-debian-gcc, r-devel-linux-x86_64-fedora-clang, r-devel-linux-x86_64-fedora-gcc, r-devel-windows-ix86+x86_64, r-patched-linux-x86_64, r-patched-solaris-x86, r-release-linux-x86_64, r-release-windows-ix86+x86_64, r-release-osx-x86_64, r-oldrel-windows-ix86+x86_64, r-oldrel-osx-x86_64

Version: 0.0.8
Check: compiled code
Result: NOTE
    File ‘TKF/libs/TKF.so’:
     Found no call to: ‘R_useDynamicSymbols’
    
    It is good practice to register native routines and to disable symbol
    search.
    
    See ‘Writing portable packages’ in the ‘Writing R Extensions’ manual.
Flavors: r-devel-linux-x86_64-fedora-clang, r-devel-linux-x86_64-fedora-gcc