CRAN Package Check Results for Package TKF

Last updated on 2019-08-25 05:47:01 CEST.

Flavor Version Tinstall Tcheck Ttotal Status Flags
r-devel-linux-x86_64-debian-clang 0.0.8 10.91 102.97 113.88 NOTE
r-devel-linux-x86_64-debian-gcc 0.0.8 9.86 83.61 93.47 NOTE
r-devel-linux-x86_64-fedora-clang 0.0.8 130.91 NOTE
r-devel-linux-x86_64-fedora-gcc 0.0.8 131.63 NOTE
r-devel-windows-ix86+x86_64 0.0.8 28.00 269.00 297.00 NOTE
r-patched-linux-x86_64 0.0.8 11.68 102.45 114.13 NOTE
r-patched-solaris-x86 0.0.8 267.50 NOTE
r-release-linux-x86_64 0.0.8 10.99 103.60 114.59 NOTE
r-release-windows-ix86+x86_64 0.0.8 39.00 252.00 291.00 NOTE
r-release-osx-x86_64 0.0.8 NOTE
r-oldrel-windows-ix86+x86_64 0.0.8 35.00 243.00 278.00 NOTE
r-oldrel-osx-x86_64 0.0.8 NOTE

Check Details

Version: 0.0.8
Check: R code for possible problems
Result: NOTE
    ls.tree: no visible global function definition for 'lm'
    ls.tree: no visible global function definition for 'coef'
    Undefined global functions or variables:
     coef lm
    Consider adding
     importFrom("stats", "coef", "lm")
    to your NAMESPACE file.
Flavors: r-devel-linux-x86_64-debian-clang, r-devel-linux-x86_64-debian-gcc, r-devel-linux-x86_64-fedora-clang, r-devel-linux-x86_64-fedora-gcc, r-devel-windows-ix86+x86_64, r-patched-linux-x86_64, r-patched-solaris-x86, r-release-linux-x86_64, r-release-windows-ix86+x86_64, r-release-osx-x86_64, r-oldrel-windows-ix86+x86_64, r-oldrel-osx-x86_64

Version: 0.0.8
Check: compiled code
Result: NOTE
    File ‘TKF/libs/TKF.so’:
     Found no call to: ‘R_useDynamicSymbols’
    
    It is good practice to register native routines and to disable symbol
    search.
    
    See ‘Writing portable packages’ in the ‘Writing R Extensions’ manual.
Flavors: r-devel-linux-x86_64-fedora-clang, r-devel-linux-x86_64-fedora-gcc