CRAN Package Check Results for Package TSA

Last updated on 2022-10-06 05:59:43 CEST.

Flavor Version Tinstall Tcheck Ttotal Status Flags
r-devel-linux-x86_64-debian-clang 1.3.1 9.89 120.57 130.46 OK
r-devel-linux-x86_64-debian-gcc 1.3.1 9.96 90.15 100.11 OK
r-devel-linux-x86_64-fedora-clang 1.3.1 179.55 NOTE
r-devel-linux-x86_64-fedora-gcc 1.3.1 176.01 NOTE
r-devel-windows-x86_64 1.3.1 52.00 178.00 230.00 OK
r-patched-linux-x86_64 1.3.1 14.93 114.68 129.61 OK
r-release-linux-x86_64 1.3.1 11.89 113.93 125.82 OK
r-release-macos-arm64 1.3.1 51.00 NOTE
r-release-macos-x86_64 1.3.1 72.00 NOTE
r-release-windows-x86_64 1.3.1 37.00 175.00 212.00 OK
r-oldrel-macos-arm64 1.3.1 50.00 NOTE
r-oldrel-macos-x86_64 1.3.1 67.00 NOTE
r-oldrel-windows-ix86+x86_64 1.3.1 24.00 481.00 505.00 OK

Check Details

Version: 1.3.1
Check: dependencies in R code
Result: NOTE
    Namespace in Imports field not imported from: ‘tseries’
     All declared Imports should be used.
Flavors: r-devel-linux-x86_64-fedora-clang, r-devel-linux-x86_64-fedora-gcc, r-release-macos-arm64, r-release-macos-x86_64, r-oldrel-macos-arm64, r-oldrel-macos-x86_64