Last updated on 2025-06-14 06:50:10 CEST.
Flavor | Version | Tinstall | Tcheck | Ttotal | Status | Flags |
---|---|---|---|---|---|---|
r-devel-linux-x86_64-debian-clang | 3.0.4 | 8.99 | 93.32 | 102.31 | NOTE | |
r-devel-linux-x86_64-debian-gcc | 3.0.4 | 6.53 | 63.58 | 70.11 | NOTE | |
r-devel-linux-x86_64-fedora-clang | 3.0.4 | 157.54 | OK | |||
r-devel-linux-x86_64-fedora-gcc | 3.0.4 | 149.45 | OK | |||
r-devel-windows-x86_64 | 3.0.4 | 10.00 | 285.00 | 295.00 | OK | |
r-patched-linux-x86_64 | 3.0.4 | 9.34 | 87.85 | 97.19 | OK | |
r-release-linux-x86_64 | 3.0.4 | 7.27 | 88.27 | 95.54 | OK | |
r-release-macos-arm64 | 3.0.4 | 70.00 | OK | |||
r-release-macos-x86_64 | 3.0.4 | 92.00 | OK | |||
r-release-windows-x86_64 | 3.0.4 | 11.00 | 97.00 | 108.00 | OK | |
r-oldrel-macos-arm64 | 3.0.4 | 46.00 | OK | |||
r-oldrel-macos-x86_64 | 3.0.4 | 84.00 | OK | |||
r-oldrel-windows-x86_64 | 3.0.4 | 13.00 | 122.00 | 135.00 | OK |
Version: 3.0.4
Check: CRAN incoming feasibility
Result: NOTE
Maintainer: ‘David Carl <david.carl@phd.unibocconi.it>’
The Description field contains
Variables" <arXiv:2203.12808>. The vignette is available in Carl,
<arXiv:2304.00513>.
Please refer to arXiv e-prints via their arXiv DOI <doi:10.48550/arXiv.YYMM.NNNNN>.
Flavors: r-devel-linux-x86_64-debian-clang, r-devel-linux-x86_64-debian-gcc