CRAN Package Check Results for Package TSCS

Last updated on 2024-06-13 06:58:22 CEST.

Flavor Version Tinstall Tcheck Ttotal Status Flags
r-devel-linux-x86_64-debian-clang 0.1.1 9.99 76.47 86.46 NOTE
r-devel-linux-x86_64-debian-gcc 0.1.1 0.46 2.00 2.46 ERROR
r-devel-linux-x86_64-fedora-clang 0.1.1 105.10 NOTE
r-devel-linux-x86_64-fedora-gcc 0.1.1 109.72 NOTE
r-devel-windows-x86_64 0.1.1 10.00 181.00 191.00 NOTE
r-patched-linux-x86_64 0.1.1 7.80 70.30 78.10 NOTE
r-release-linux-x86_64 0.1.1 8.70 72.32 81.02 NOTE
r-release-macos-arm64 0.1.1 36.00 NOTE
r-release-macos-x86_64 0.1.1 59.00 NOTE
r-release-windows-x86_64 0.1.1 10.00 227.00 237.00 NOTE
r-oldrel-macos-arm64 0.1.1 35.00 NOTE
r-oldrel-macos-x86_64 0.1.1 52.00 NOTE
r-oldrel-windows-x86_64 0.1.1 12.00 208.00 220.00 NOTE

Check Details

Version: 0.1.1
Check: LazyData
Result: NOTE 'LazyData' is specified without a 'data' directory Flavors: r-devel-linux-x86_64-debian-clang, r-devel-linux-x86_64-fedora-clang, r-devel-linux-x86_64-fedora-gcc, r-devel-windows-x86_64, r-patched-linux-x86_64, r-release-linux-x86_64, r-release-macos-arm64, r-release-macos-x86_64, r-release-windows-x86_64, r-oldrel-macos-arm64, r-oldrel-macos-x86_64, r-oldrel-windows-x86_64

Version: 0.1.1
Check: package dependencies
Result: ERROR Package required but not available: ‘ggplot2’ See section ‘The DESCRIPTION file’ in the ‘Writing R Extensions’ manual. Flavor: r-devel-linux-x86_64-debian-gcc