CRAN Package Check Results for Package TTCA

Last updated on 2020-05-30 05:48:20 CEST.

Flavor Version Tinstall Tcheck Ttotal Status Flags
r-devel-linux-x86_64-debian-clang 0.1.1 12.64 79.84 92.48 OK
r-devel-linux-x86_64-debian-gcc 0.1.1 10.48 62.85 73.33 OK
r-devel-linux-x86_64-fedora-clang 0.1.1 114.30 OK
r-devel-linux-x86_64-fedora-gcc 0.1.1 114.64 OK
r-devel-windows-ix86+x86_64 0.1.1 28.00 89.00 117.00 OK
r-patched-linux-x86_64 0.1.1 12.61 81.82 94.43 OK
r-patched-solaris-x86 0.1.1 168.30 OK
r-release-linux-x86_64 0.1.1 13.45 80.41 93.86 OK
r-release-osx-x86_64 0.1.1 OK
r-release-windows-ix86+x86_64 0.1.1 21.00 111.00 132.00 OK
r-oldrel-osx-x86_64 0.1.1 FAIL
r-oldrel-windows-ix86+x86_64 0.1.1 17.00 86.00 103.00 OK

Check Details

Version: 0.1.1
Check: whether package can be installed
Result: FAIL
Flavor: r-oldrel-osx-x86_64